CRAN Package Check Results for Package RADstackshelpR

Last updated on 2022-01-23 02:56:21 CET.

Flavor Version Tinstall Tcheck Ttotal Status Flags
r-devel-linux-x86_64-debian-clang 0.1.0 2.32 48.16 50.48 OK
r-devel-linux-x86_64-debian-gcc 0.1.0 2.01 36.66 38.67 OK
r-devel-linux-x86_64-fedora-clang 0.1.0 60.83 NOTE
r-devel-linux-x86_64-fedora-gcc 0.1.0 49.05 NOTE
r-devel-windows-x86_64-new-UL 0.1.0 67.00 72.00 139.00 OK
r-devel-windows-x86_64-new-TK 0.1.0 NOTE
r-patched-linux-x86_64 0.1.0 2.63 44.46 47.09 OK
r-release-linux-x86_64 0.1.0 2.19 44.12 46.31 OK
r-release-macos-arm64 0.1.0 NOTE
r-release-macos-x86_64 0.1.0 NOTE
r-release-windows-ix86+x86_64 0.1.0 7.00 59.00 66.00 OK
r-oldrel-macos-x86_64 0.1.0 NOTE
r-oldrel-windows-ix86+x86_64 0.1.0 6.00 59.00 65.00 OK

Check Details

Version: 0.1.0
Check: dependencies in R code
Result: NOTE
    Namespace in Imports field not imported from: ‘gridExtra’
     All declared Imports should be used.
Flavors: r-devel-linux-x86_64-fedora-clang, r-devel-linux-x86_64-fedora-gcc, r-devel-windows-x86_64-new-TK, r-release-macos-arm64, r-release-macos-x86_64, r-oldrel-macos-x86_64