CRAN Package Check Results for Package R2OpenBUGS

Last updated on 2021-08-05 15:52:56 CEST.

Flavor Version Tinstall Tcheck Ttotal Status Flags
r-devel-linux-x86_64-debian-clang 3.2-3.2.1 3.93 47.56 51.49 NOTE
r-devel-linux-x86_64-debian-gcc 3.2-3.2.1 3.90 36.50 40.40 NOTE
r-devel-linux-x86_64-fedora-clang 3.2-3.2.1 72.20 OK
r-devel-linux-x86_64-fedora-gcc 3.2-3.2.1 60.12 OK
r-devel-windows-x86_64 3.2-3.2.1 7.00 68.00 75.00 OK
r-devel-windows-x86_64-gcc10-UCRT 3.2-3.2.1 OK
r-patched-linux-x86_64 3.2-3.2.1 5.43 45.67 51.10 NOTE
r-patched-solaris-x86 3.2-3.2.1 83.20 OK --no-tests
r-release-linux-x86_64 3.2-3.2.1 3.94 45.49 49.43 NOTE
r-release-macos-arm64 3.2-3.2.1 OK
r-release-macos-x86_64 3.2-3.2.1 OK
r-release-windows-ix86+x86_64 3.2-3.2.1 8.00 48.00 56.00 OK
r-oldrel-macos-x86_64 3.2-3.2.1 OK
r-oldrel-windows-ix86+x86_64 3.2-3.2.1 7.00 67.00 74.00 OK

Check Details

Version: 3.2-3.2.1
Check: R code for possible problems
Result: NOTE
    Found the following calls to attach():
    File 'R2OpenBUGS/R/attach.all.R':
     attach(x, name = name)
    See section 'Good practice' in '?attach'.
Flavors: r-devel-linux-x86_64-debian-clang, r-devel-linux-x86_64-debian-gcc, r-patched-linux-x86_64, r-release-linux-x86_64