CRAN Package Check Results for Package R2019nCoV

Last updated on 2021-10-24 03:51:19 CEST.

Flavor Version Tinstall Tcheck Ttotal Status Flags
r-devel-linux-x86_64-debian-clang 0.1.0 8.07 69.65 77.72 OK
r-devel-linux-x86_64-debian-gcc 0.1.0 5.79 47.89 53.68 OK
r-devel-linux-x86_64-fedora-clang 0.1.0 96.58 NOTE
r-devel-linux-x86_64-fedora-gcc 0.1.0 82.22 NOTE
r-devel-windows-x86_64 0.1.0 13.00 103.00 116.00 OK
r-devel-windows-x86_64-gcc10-UCRT 0.1.0 NOTE
r-patched-linux-x86_64 0.1.0 8.21 58.95 67.16 OK
r-patched-solaris-x86 0.1.0 112.90 NOTE
r-release-linux-x86_64 0.1.0 7.78 59.50 67.28 OK
r-release-macos-arm64 0.1.0 NOTE
r-release-macos-x86_64 0.1.0 NOTE
r-release-windows-ix86+x86_64 0.1.0 13.00 102.00 115.00 OK
r-oldrel-macos-x86_64 0.1.0 NOTE
r-oldrel-windows-ix86+x86_64 0.1.0 17.00 104.00 121.00 OK

Check Details

Version: 0.1.0
Check: data for non-ASCII characters
Result: NOTE
     Note: found 89912 marked UTF-8 strings
Flavors: r-devel-linux-x86_64-fedora-clang, r-devel-linux-x86_64-fedora-gcc, r-devel-windows-x86_64-gcc10-UCRT, r-patched-solaris-x86, r-release-macos-arm64, r-release-macos-x86_64, r-oldrel-macos-x86_64