Last updated on 2023-01-29 03:55:23 CET.
Flavor | Version | Tinstall | Tcheck | Ttotal | Status | Flags |
---|---|---|---|---|---|---|
r-devel-linux-x86_64-debian-clang | 0.1.3 | 9.34 | 158.06 | 167.40 | OK | |
r-devel-linux-x86_64-debian-gcc | 0.1.3 | 6.33 | 116.02 | 122.35 | OK | |
r-devel-linux-x86_64-fedora-clang | 0.1.3 | 207.20 | NOTE | |||
r-devel-linux-x86_64-fedora-gcc | 0.1.3 | 205.52 | NOTE | |||
r-devel-windows-x86_64 | 0.1.3 | 20.00 | 174.00 | 194.00 | OK | |
r-patched-linux-x86_64 | 0.1.3 | 15.56 | 145.01 | 160.57 | OK | |
r-release-linux-x86_64 | 0.1.3 | 8.22 | 146.26 | 154.48 | OK | |
r-release-macos-arm64 | 0.1.3 | 35.00 | NOTE | |||
r-release-macos-x86_64 | 0.1.3 | 80.00 | NOTE | |||
r-release-windows-x86_64 | 0.1.3 | 26.00 | 173.00 | 199.00 | OK | |
r-oldrel-macos-arm64 | 0.1.3 | 45.00 | NOTE | |||
r-oldrel-macos-x86_64 | 0.1.3 | 72.00 | NOTE | |||
r-oldrel-windows-ix86+x86_64 | 0.1.3 | 33.00 | 180.00 | 213.00 | OK |
Version: 0.1.3
Check: dependencies in R code
Result: NOTE
Namespace in Imports field not imported from: ‘testthat’
All declared Imports should be used.
Flavors: r-devel-linux-x86_64-fedora-clang, r-devel-linux-x86_64-fedora-gcc, r-release-macos-arm64, r-release-macos-x86_64, r-oldrel-macos-arm64, r-oldrel-macos-x86_64