CRAN Package Check Results for Package R.rsp

Last updated on 2024-06-15 15:49:14 CEST.

Flavor Version Tinstall Tcheck Ttotal Status Flags
r-devel-linux-x86_64-debian-clang 0.46.0 17.56 189.49 207.05 OK
r-devel-linux-x86_64-debian-gcc 0.46.0 11.61 139.76 151.37 OK
r-devel-linux-x86_64-fedora-clang 0.46.0 248.30 OK
r-devel-linux-x86_64-fedora-gcc 0.46.0 251.48 OK
r-devel-windows-x86_64 0.46.0 15.00 594.00 609.00 OK
r-patched-linux-x86_64 0.46.0 19.61 179.06 198.67 OK
r-release-linux-x86_64 0.46.0 13.57 182.26 195.83 OK
r-release-macos-arm64 0.46.0 89.00 OK
r-release-macos-x86_64 0.46.0 137.00 OK
r-release-windows-x86_64 0.46.0 15.00 693.00 708.00 OK
r-oldrel-macos-arm64 0.46.0 95.00 OK
r-oldrel-macos-x86_64 0.46.0 188.00 OK
r-oldrel-windows-x86_64 0.46.0 17.00 668.00 685.00 ERROR

Check Details

Version: 0.46.0
Check: whether package can be installed
Result: ERROR Installation failed. Flavor: r-oldrel-windows-x86_64