CRAN Package Check Results for Package QGglmm

Last updated on 2024-06-22 03:49:39 CEST.

Flavor Version Tinstall Tcheck Ttotal Status Flags
r-devel-linux-x86_64-debian-clang 0.7.4 4.74 62.20 66.94 NOTE
r-devel-linux-x86_64-debian-gcc 0.7.4 3.54 46.69 50.23 NOTE
r-devel-linux-x86_64-fedora-clang 0.7.4 82.32 NOTE
r-devel-linux-x86_64-fedora-gcc 0.7.4 90.57 NOTE
r-devel-windows-x86_64 0.7.4 4.00 104.00 108.00 NOTE
r-patched-linux-x86_64 0.7.4 4.13 60.32 64.45 NOTE
r-release-linux-x86_64 0.7.4 3.70 60.04 63.74 NOTE
r-release-macos-arm64 0.7.4 39.00 NOTE
r-release-macos-x86_64 0.7.4 64.00 NOTE
r-release-windows-x86_64 0.7.4 4.00 98.00 102.00 NOTE
r-oldrel-macos-arm64 0.7.4 42.00 OK
r-oldrel-macos-x86_64 0.7.4 76.00 OK
r-oldrel-windows-x86_64 0.7.4 6.00 101.00 107.00 OK

Check Details

Version: 0.7.4
Check: Rd files
Result: NOTE checkRd: (-1) QGlink.funcs.Rd:29: Lost braces in \itemize; \value handles \item{}{} directly checkRd: (-1) QGlink.funcs.Rd:30: Lost braces in \itemize; \value handles \item{}{} directly checkRd: (-1) QGlink.funcs.Rd:31: Lost braces in \itemize; \value handles \item{}{} directly checkRd: (-1) QGmvpred.Rd:39: Lost braces in \itemize; \value handles \item{}{} directly checkRd: (-1) QGmvpred.Rd:40: Lost braces in \itemize; \value handles \item{}{} directly checkRd: (-1) QGmvpred.Rd:41: Lost braces in \itemize; \value handles \item{}{} directly checkRd: (-1) QGmvpred.Rd:42: Lost braces in \itemize; \value handles \item{}{} directly checkRd: (-1) QGpred.Rd:36: Lost braces in \itemize; \value handles \item{}{} directly checkRd: (-1) QGpred.Rd:37: Lost braces in \itemize; \value handles \item{}{} directly checkRd: (-1) QGpred.Rd:38: Lost braces in \itemize; \value handles \item{}{} directly checkRd: (-1) QGpred.Rd:39: Lost braces in \itemize; \value handles \item{}{} directly Flavors: r-devel-linux-x86_64-debian-clang, r-devel-linux-x86_64-debian-gcc, r-devel-linux-x86_64-fedora-clang, r-devel-linux-x86_64-fedora-gcc, r-devel-windows-x86_64, r-patched-linux-x86_64, r-release-linux-x86_64, r-release-macos-arm64, r-release-macos-x86_64, r-release-windows-x86_64