Last updated on 2023-01-30 02:54:17 CET.
Flavor | Version | Tinstall | Tcheck | Ttotal | Status | Flags |
---|---|---|---|---|---|---|
r-devel-linux-x86_64-debian-clang | 1.1.2 | 195.86 | 110.42 | 306.28 | OK | |
r-devel-linux-x86_64-debian-gcc | 1.1.2 | 187.78 | 80.81 | 268.59 | OK | |
r-devel-linux-x86_64-fedora-clang | 1.1.2 | 407.81 | OK | |||
r-devel-linux-x86_64-fedora-gcc | 1.1.2 | 471.20 | OK | |||
r-devel-windows-x86_64 | 1.1.2 | 167.00 | 195.00 | 362.00 | NOTE | |
r-patched-linux-x86_64 | 1.1.2 | 161.94 | 101.77 | 263.71 | OK | |
r-release-linux-x86_64 | 1.1.2 | 148.36 | 97.37 | 245.73 | OK | |
r-release-macos-arm64 | 1.1.2 | 124.00 | NOTE | |||
r-release-macos-x86_64 | 1.1.2 | 154.00 | NOTE | |||
r-release-windows-x86_64 | 1.1.2 | 173.00 | 187.00 | 360.00 | NOTE | |
r-oldrel-macos-arm64 | 1.1.2 | 134.00 | NOTE | |||
r-oldrel-macos-x86_64 | 1.1.2 | 160.00 | NOTE | |||
r-oldrel-windows-ix86+x86_64 | 1.1.2 | 205.00 | 161.00 | 366.00 | NOTE |
Version: 1.1.2
Check: installed package size
Result: NOTE
installed size is 26.2Mb
sub-directories of 1Mb or more:
libs 25.5Mb
Flavors: r-devel-windows-x86_64, r-release-macos-arm64, r-release-macos-x86_64, r-release-windows-x86_64, r-oldrel-macos-arm64, r-oldrel-macos-x86_64, r-oldrel-windows-ix86+x86_64