CRAN Package Check Results for Package QFASA

Last updated on 2024-02-23 15:52:22 CET.

Flavor Version Tinstall Tcheck Ttotal Status Flags
r-devel-linux-x86_64-debian-clang 1.2.0 OK
r-devel-linux-x86_64-debian-gcc 1.2.0 206.18 88.09 294.27 OK
r-devel-linux-x86_64-fedora-clang 1.2.0 395.45 OK
r-devel-linux-x86_64-fedora-gcc 1.2.0 542.50 OK
r-devel-windows-x86_64 1.2.0 162.00 149.00 311.00 NOTE
r-patched-linux-x86_64 1.2.0 188.03 112.42 300.45 OK
r-release-linux-x86_64 1.2.0 181.60 113.21 294.81 OK
r-release-macos-arm64 1.2.0 115.00 NOTE
r-release-macos-x86_64 1.2.0 320.00 NOTE
r-release-windows-x86_64 1.2.0 207.00 198.00 405.00 NOTE
r-oldrel-macos-arm64 1.2.0 117.00 NOTE
r-oldrel-windows-x86_64 1.2.0 194.00 172.00 366.00 NOTE

Check Details

Version: 1.2.0
Check: installed package size
Result: NOTE installed size is 26.3Mb sub-directories of 1Mb or more: libs 25.7Mb Flavors: r-devel-windows-x86_64, r-release-macos-arm64, r-release-macos-x86_64, r-release-windows-x86_64, r-oldrel-macos-arm64, r-oldrel-windows-x86_64