CRAN Package Check Results for Package QCAcluster

Last updated on 2022-01-23 02:56:21 CET.

Flavor Version Tinstall Tcheck Ttotal Status Flags
r-devel-linux-x86_64-debian-clang 0.1.0 6.94 144.89 151.83 OK
r-devel-linux-x86_64-debian-gcc 0.1.0 6.18 105.28 111.46 OK
r-devel-linux-x86_64-fedora-clang 0.1.0 178.84 NOTE
r-devel-linux-x86_64-fedora-gcc 0.1.0 165.74 NOTE
r-devel-windows-x86_64-new-UL 0.1.0 48.00 172.00 220.00 OK
r-devel-windows-x86_64-new-TK 0.1.0 NOTE
r-patched-linux-x86_64 0.1.0 12.33 141.98 154.31 OK
r-release-linux-x86_64 0.1.0 5.09 139.87 144.96 OK
r-release-macos-arm64 0.1.0 NOTE
r-release-macos-x86_64 0.1.0 NOTE
r-release-windows-ix86+x86_64 0.1.0 20.00 174.00 194.00 OK
r-oldrel-macos-x86_64 0.1.0 NOTE
r-oldrel-windows-ix86+x86_64 0.1.0 18.00 169.00 187.00 OK

Check Details

Version: 0.1.0
Check: dependencies in R code
Result: NOTE
    Namespace in Imports field not imported from: ‘data.table’
     All declared Imports should be used.
Flavors: r-devel-linux-x86_64-fedora-clang, r-devel-linux-x86_64-fedora-gcc, r-devel-windows-x86_64-new-TK, r-release-macos-arm64, r-release-macos-x86_64, r-oldrel-macos-x86_64