Last updated on 2022-05-16 15:53:21 CEST.
Flavor | Version | Tinstall | Tcheck | Ttotal | Status | Flags |
---|---|---|---|---|---|---|
r-devel-linux-x86_64-debian-clang | 3.16 | 48.17 | 98.18 | 146.35 | OK | |
r-devel-linux-x86_64-debian-gcc | 3.16 | 41.02 | 73.19 | 114.21 | OK | |
r-devel-linux-x86_64-fedora-clang | 3.16 | 183.72 | NOTE | |||
r-devel-linux-x86_64-fedora-gcc | 3.16 | 175.18 | OK | |||
r-devel-windows-x86_64 | 3.16 | 188.00 | 117.00 | 305.00 | NOTE | |
r-patched-linux-x86_64 | 3.16 | 47.03 | 93.50 | 140.53 | OK | |
r-release-linux-x86_64 | 3.16 | 44.89 | 91.79 | 136.68 | OK | |
r-release-macos-arm64 | 3.16 | 42.00 | NOTE | |||
r-release-macos-x86_64 | 3.16 | 85.00 | NOTE | |||
r-release-windows-x86_64 | 3.16 | 201.00 | 117.00 | 318.00 | NOTE | |
r-oldrel-macos-arm64 | 3.16 | 42.00 | NOTE | |||
r-oldrel-macos-x86_64 | 3.16 | 77.00 | NOTE | |||
r-oldrel-windows-ix86+x86_64 | 3.16 | 199.00 | 137.00 | 336.00 | NOTE |
Version: 3.16
Check: installed package size
Result: NOTE
installed size is 8.1Mb
sub-directories of 1Mb or more:
gui 1.7Mb
libs 2.5Mb
staticdocs 3.3Mb
Flavors: r-devel-linux-x86_64-fedora-clang, r-devel-windows-x86_64, r-release-macos-arm64, r-release-macos-x86_64, r-release-windows-x86_64, r-oldrel-macos-arm64, r-oldrel-macos-x86_64, r-oldrel-windows-ix86+x86_64