CRAN Package Check Results for Package ProfoundData

Last updated on 2022-01-23 15:49:17 CET.

Flavor Version Tinstall Tcheck Ttotal Status Flags
r-devel-linux-x86_64-debian-clang 0.2.1 5.93 68.15 74.08 NOTE
r-devel-linux-x86_64-debian-gcc 0.2.1 7.10 60.46 67.56 NOTE
r-devel-linux-x86_64-fedora-clang 0.2.1 94.63 NOTE
r-devel-linux-x86_64-fedora-gcc 0.2.1 80.68 NOTE
r-devel-windows-x86_64-new-UL 0.2.1 71.00 89.00 160.00 NOTE
r-devel-windows-x86_64-new-TK 0.2.1 NOTE
r-patched-linux-x86_64 0.2.1 10.41 67.40 77.81 NOTE
r-release-linux-x86_64 0.2.1 7.63 66.78 74.41 NOTE
r-release-macos-arm64 0.2.1 NOTE
r-release-macos-x86_64 0.2.1 NOTE
r-release-windows-ix86+x86_64 0.2.1 17.00 83.00 100.00 NOTE
r-oldrel-macos-x86_64 0.2.1 OK
r-oldrel-windows-ix86+x86_64 0.2.1 18.00 84.00 102.00 OK

Check Details

Version: 0.2.1
Check: LazyData
Result: NOTE
     'LazyData' is specified without a 'data' directory
Flavors: r-devel-linux-x86_64-debian-clang, r-devel-linux-x86_64-debian-gcc, r-devel-linux-x86_64-fedora-clang, r-devel-linux-x86_64-fedora-gcc, r-devel-windows-x86_64-new-UL, r-devel-windows-x86_64-new-TK, r-patched-linux-x86_64, r-release-linux-x86_64, r-release-macos-arm64, r-release-macos-x86_64, r-release-windows-ix86+x86_64

Version: 0.2.1
Check: package dependencies
Result: NOTE
    Package suggested but not available for checking: 'BayesianTools'
Flavor: r-devel-windows-x86_64-new-TK