CRAN Package Check Results for Package PosteriorBootstrap

Last updated on 2021-12-05 03:59:35 CET.

Flavor Version Tinstall Tcheck Ttotal Status Flags
r-devel-linux-x86_64-debian-clang 0.1.1 4.49 455.52 460.01 OK
r-devel-linux-x86_64-debian-gcc 0.1.1 2.70 332.09 334.79 OK
r-devel-linux-x86_64-fedora-clang 0.1.1 586.42 NOTE
r-devel-linux-x86_64-fedora-gcc 0.1.1 585.75 NOTE
r-devel-windows-x86_64-new-UL 0.1.1 12.00 71.00 83.00 OK
r-devel-windows-x86_64-new-TK 0.1.1 NOTE
r-devel-windows-x86_64-old 0.1.1 8.00 41.00 49.00 OK
r-patched-linux-x86_64 0.1.1 4.71 441.34 446.05 OK
r-release-linux-x86_64 0.1.1 4.26 443.03 447.29 OK
r-release-macos-arm64 0.1.1 NOTE
r-release-macos-x86_64 0.1.1 NOTE
r-release-windows-ix86+x86_64 0.1.1 10.00 52.00 62.00 OK
r-oldrel-macos-x86_64 0.1.1 NOTE
r-oldrel-windows-ix86+x86_64 0.1.1 10.00 52.00 62.00 OK

Check Details

Version: 0.1.1
Check: dependencies in R code
Result: NOTE
    Namespaces in Imports field not imported from:
     ‘Rcpp’ ‘StanHeaders’ ‘dplyr’ ‘ggplot2’ ‘gridExtra’ ‘rstan’ ‘tibble’
     All declared Imports should be used.
Flavors: r-devel-linux-x86_64-fedora-clang, r-devel-linux-x86_64-fedora-gcc, r-devel-windows-x86_64-new-TK, r-release-macos-arm64, r-release-macos-x86_64, r-oldrel-macos-x86_64