CRAN Package Check Results for Package PopGenReport

Last updated on 2021-10-25 04:00:22 CEST.

Flavor Version Tinstall Tcheck Ttotal Status Flags
r-devel-linux-x86_64-debian-clang 3.0.4 41.30 365.53 406.83 OK
r-devel-linux-x86_64-debian-gcc 3.0.4 33.34 267.55 300.89 OK
r-devel-linux-x86_64-fedora-clang 3.0.4 481.79 NOTE
r-devel-linux-x86_64-fedora-gcc 3.0.4 469.72 OK
r-devel-windows-x86_64 3.0.4 59.00 385.00 444.00 OK
r-devel-windows-x86_64-gcc10-UCRT 3.0.4 OK
r-patched-linux-x86_64 3.0.4 45.83 349.62 395.45 OK
r-patched-solaris-x86 3.0.4 644.60 OK
r-release-linux-x86_64 3.0.4 35.93 344.58 380.51 OK
r-release-macos-arm64 3.0.4 OK
r-release-macos-x86_64 3.0.4 OK
r-release-windows-ix86+x86_64 3.0.4 61.00 387.00 448.00 OK
r-oldrel-macos-x86_64 3.0.4 OK
r-oldrel-windows-ix86+x86_64 3.0.4 62.00 283.00 345.00 OK

Check Details

Version: 3.0.4
Check: package dependencies
Result: NOTE
    Imports includes 21 non-default packages.
    Importing from so many packages makes the package vulnerable to any of
    them becoming unavailable. Move as many as possible to Suggests and
    use conditionally.
Flavor: r-devel-linux-x86_64-fedora-clang

Version: 3.0.4
Check: Rd cross-references
Result: NOTE
    Undeclared package ‘ecodist’ in Rd xrefs
Flavor: r-devel-linux-x86_64-fedora-clang