CRAN Package Check Results for Package PointFore

Last updated on 2021-10-26 15:51:21 CEST.

Flavor Version Tinstall Tcheck Ttotal Status Flags
r-devel-linux-x86_64-debian-clang 0.2.0 5.83 123.35 129.18 OK
r-devel-linux-x86_64-debian-gcc 0.2.0 4.33 87.49 91.82 OK
r-devel-linux-x86_64-fedora-clang 0.2.0 159.24 NOTE
r-devel-linux-x86_64-fedora-gcc 0.2.0 148.06 NOTE
r-devel-windows-x86_64 0.2.0 10.00 159.00 169.00 OK
r-devel-windows-x86_64-gcc10-UCRT 0.2.0 NOTE
r-patched-linux-x86_64 0.2.0 5.73 119.73 125.46 OK
r-patched-solaris-x86 0.2.0 213.20 NOTE
r-release-linux-x86_64 0.2.0 4.58 119.13 123.71 OK
r-release-macos-arm64 0.2.0 NOTE
r-release-macos-x86_64 0.2.0 NOTE
r-release-windows-ix86+x86_64 0.2.0 11.00 160.00 171.00 OK
r-oldrel-macos-x86_64 0.2.0 NOTE
r-oldrel-windows-ix86+x86_64 0.2.0 14.00 210.00 224.00 OK

Check Details

Version: 0.2.0
Check: dependencies in R code
Result: NOTE
    Namespaces in Imports field not imported from:
     ‘car’ ‘lubridate’
     All declared Imports should be used.
Flavors: r-devel-linux-x86_64-fedora-clang, r-devel-linux-x86_64-fedora-gcc, r-devel-windows-x86_64-gcc10-UCRT, r-patched-solaris-x86, r-release-macos-arm64, r-release-macos-x86_64, r-oldrel-macos-x86_64