Last updated on 2022-06-27 15:53:50 CEST.
Flavor | Version | Tinstall | Tcheck | Ttotal | Status | Flags |
---|---|---|---|---|---|---|
r-devel-linux-x86_64-debian-clang | 3.3.5 | 51.66 | 320.20 | 371.86 | OK | |
r-devel-linux-x86_64-debian-gcc | 3.3.5 | 43.91 | 228.74 | 272.65 | OK | |
r-devel-linux-x86_64-fedora-clang | 3.3.5 | 443.29 | WARN | |||
r-devel-linux-x86_64-fedora-gcc | 3.3.5 | 479.89 | WARN | |||
r-devel-windows-x86_64 | 3.3.5 | 122.00 | 346.00 | 468.00 | OK | |
r-patched-linux-x86_64 | 3.3.5 | 45.55 | 297.60 | 343.15 | OK | |
r-release-linux-x86_64 | 3.3.5 | 53.03 | 299.80 | 352.83 | OK | |
r-release-macos-arm64 | 3.3.5 | 100.00 | NOTE | |||
r-release-macos-x86_64 | 3.3.5 | 167.00 | NOTE | |||
r-release-windows-x86_64 | 3.3.5 | 172.00 | 328.00 | 500.00 | OK | |
r-oldrel-macos-arm64 | 3.3.5 | 79.00 | NOTE | |||
r-oldrel-macos-x86_64 | 3.3.5 | 133.00 | NOTE | |||
r-oldrel-windows-ix86+x86_64 | 3.3.5 | 90.00 | 339.00 | 429.00 | OK |
Version: 3.3.5
Check: package dependencies
Result: WARN
Requires (indirectly) orphaned package: ‘gtools’
Flavors: r-devel-linux-x86_64-fedora-clang, r-devel-linux-x86_64-fedora-gcc
Version: 3.3.5
Check: dependencies in R code
Result: NOTE
Namespace in Imports field not imported from: ‘knitr’
All declared Imports should be used.
Flavors: r-devel-linux-x86_64-fedora-clang, r-devel-linux-x86_64-fedora-gcc, r-release-macos-arm64, r-release-macos-x86_64, r-oldrel-macos-arm64, r-oldrel-macos-x86_64