CRAN Package Check Results for Package PhylogeneticEM

Last updated on 2022-01-16 02:49:37 CET.

Flavor Version Tinstall Tcheck Ttotal Status Flags
r-devel-linux-x86_64-debian-clang 1.5.0 60.53 209.23 269.76 OK
r-devel-linux-x86_64-debian-gcc 1.5.0 41.38 171.16 212.54 OK
r-devel-linux-x86_64-fedora-clang 1.5.0 334.45 OK
r-devel-linux-x86_64-fedora-gcc 1.5.0 307.69 OK
r-devel-windows-x86_64-new-UL 1.5.0 486.00 426.00 912.00 OK
r-devel-windows-x86_64-new-TK 1.5.0 OK
r-patched-linux-x86_64 1.5.0 49.75 205.54 255.29 OK
r-release-linux-x86_64 1.5.0 43.42 206.00 249.42 OK
r-release-macos-arm64 1.5.0 NOTE
r-release-macos-x86_64 1.5.0 NOTE
r-release-windows-ix86+x86_64 1.5.0 123.00 529.00 652.00 OK
r-oldrel-macos-x86_64 1.5.0 NOTE
r-oldrel-windows-ix86+x86_64 1.5.0 123.00 531.00 654.00 OK

Check Details

Version: 1.5.0
Check: installed package size
Result: NOTE
     installed size is 5.7Mb
     sub-directories of 1Mb or more:
     libs 4.1Mb
Flavors: r-release-macos-arm64, r-release-macos-x86_64, r-oldrel-macos-x86_64