CRAN Package Check Results for Package PhySortR

Last updated on 2024-07-16 15:48:18 CEST.

Flavor Version Tinstall Tcheck Ttotal Status Flags
r-devel-linux-x86_64-debian-clang 1.0.8 11.37 92.17 103.54 NOTE
r-devel-linux-x86_64-debian-gcc 1.0.8 8.94 68.01 76.95 NOTE
r-devel-linux-x86_64-fedora-clang 1.0.8 124.44 NOTE
r-devel-linux-x86_64-fedora-gcc 1.0.8 130.36 NOTE
r-devel-windows-x86_64 1.0.8 12.00 78.00 90.00 NOTE
r-patched-linux-x86_64 1.0.8 14.45 86.92 101.37 NOTE
r-release-linux-x86_64 1.0.8 7.59 86.85 94.44 NOTE
r-release-macos-arm64 1.0.8 36.00 NOTE
r-release-macos-x86_64 1.0.8 56.00 NOTE
r-release-windows-x86_64 1.0.8 10.00 82.00 92.00 NOTE
r-oldrel-macos-arm64 1.0.8 42.00 NOTE
r-oldrel-macos-x86_64 1.0.8 64.00 NOTE
r-oldrel-windows-x86_64 1.0.8 14.00 98.00 112.00 NOTE

Check Details

Version: 1.0.8
Check: LazyData
Result: NOTE 'LazyData' is specified without a 'data' directory Flavors: r-devel-linux-x86_64-debian-clang, r-devel-linux-x86_64-debian-gcc, r-devel-linux-x86_64-fedora-clang, r-devel-linux-x86_64-fedora-gcc, r-devel-windows-x86_64, r-patched-linux-x86_64, r-release-linux-x86_64, r-release-macos-arm64, r-release-macos-x86_64, r-release-windows-x86_64, r-oldrel-macos-arm64, r-oldrel-macos-x86_64, r-oldrel-windows-x86_64

Version: 1.0.8
Check: Rd cross-references
Result: NOTE Found the following Rd file(s) with Rd \link{} targets missing package anchors: PhySortR.Rd: phytools, ape Please provide package anchors for all Rd \link{} targets not in the package itself and the base packages. Flavor: r-devel-windows-x86_64