CRAN Package Check Results for Package PatientProfiles

Last updated on 2024-06-14 03:57:30 CEST.

Flavor Version Tinstall Tcheck Ttotal Status Flags
r-devel-linux-x86_64-debian-clang 1.0.0 11.39 1898.33 1909.72 OK
r-devel-linux-x86_64-debian-gcc 1.1.0 0.52 1.86 2.38 ERROR
r-devel-linux-x86_64-fedora-clang 1.1.0 1228.62 OK
r-devel-linux-x86_64-fedora-gcc 1.1.0 2346.80 OK
r-devel-windows-x86_64 1.1.0 7.00 21.00 28.00 ERROR
r-patched-linux-x86_64 1.1.0 8.43 1935.73 1944.16 OK
r-release-linux-x86_64 1.0.0 6.05 1767.79 1773.84 OK
r-release-macos-arm64 1.1.0 402.00 OK
r-release-macos-x86_64 1.1.0 807.00 OK
r-release-windows-x86_64 1.0.0 9.00 691.00 700.00 OK
r-oldrel-macos-arm64 1.1.0 511.00 OK
r-oldrel-macos-x86_64 1.1.0 932.00 OK
r-oldrel-windows-x86_64 1.1.0 12.00 700.00 712.00 OK

Check Details

Version: 1.1.0
Check: package dependencies
Result: ERROR Packages required but not available: 'CDMConnector', 'dplyr', 'tidyr', 'stringr', 'omopgenerics', 'visOmopResults', 'purrr' Packages suggested but not available for checking: 'testthat', 'CodelistGenerator', 'odbc', 'ggplot2', 'RPostgres', 'dbplyr', 'gt' See section ‘The DESCRIPTION file’ in the ‘Writing R Extensions’ manual. Flavor: r-devel-linux-x86_64-debian-gcc

Version: 1.1.0
Check: whether package can be installed
Result: ERROR Installation failed. Flavor: r-devel-windows-x86_64