CRAN Package Check Results for Package ParBayesianOptimization

Last updated on 2021-06-17 03:51:06 CEST.

Flavor Version Tinstall Tcheck Ttotal Status Flags
r-devel-linux-x86_64-debian-clang 1.2.4 8.37 160.94 169.31 NOTE
r-devel-linux-x86_64-debian-gcc 1.2.4 6.72 131.61 138.33 NOTE
r-devel-linux-x86_64-fedora-clang 1.2.4 193.55 NOTE
r-devel-linux-x86_64-fedora-gcc 1.2.4 189.58 NOTE
r-devel-windows-x86_64 1.2.4 13.00 180.00 193.00 NOTE
r-devel-windows-x86_64-gcc10-UCRT 1.2.4 NOTE
r-patched-linux-x86_64 1.2.4 8.77 148.13 156.90 NOTE
r-patched-solaris-x86 1.2.4 256.00 NOTE
r-release-linux-x86_64 1.2.4 8.39 149.00 157.39 NOTE
r-release-macos-arm64 1.2.4 NOTE
r-release-macos-x86_64 1.2.4 NOTE
r-release-windows-ix86+x86_64 1.2.4 20.00 178.00 198.00 NOTE
r-oldrel-macos-x86_64 1.2.4 OK
r-oldrel-windows-ix86+x86_64 1.2.4 14.00 161.00 175.00 OK

Check Details

Version: 1.2.4
Check: LazyData
Result: NOTE
     'LazyData' is specified without a 'data' directory
Flavors: r-devel-linux-x86_64-debian-clang, r-devel-linux-x86_64-debian-gcc, r-devel-linux-x86_64-fedora-clang, r-devel-linux-x86_64-fedora-gcc, r-devel-windows-x86_64, r-devel-windows-x86_64-gcc10-UCRT, r-patched-linux-x86_64, r-patched-solaris-x86, r-release-linux-x86_64, r-release-macos-arm64, r-release-macos-x86_64, r-release-windows-ix86+x86_64