CRAN Package Check Results for Package PakPMICS2018

Last updated on 2023-02-05 03:53:54 CET.

Flavor Version Tinstall Tcheck Ttotal Status Flags
r-devel-linux-x86_64-debian-clang 1.0.0 4.99 61.88 66.87 NOTE
r-devel-linux-x86_64-debian-gcc 1.0.0 3.47 46.33 49.80 NOTE
r-devel-linux-x86_64-fedora-clang 1.0.0 84.42 NOTE
r-devel-linux-x86_64-fedora-gcc 1.0.0 94.20 NOTE
r-devel-windows-x86_64 1.0.0 32.00 93.00 125.00 NOTE
r-patched-linux-x86_64 1.0.0 6.72 55.19 61.91 NOTE
r-release-linux-x86_64 1.0.0 4.16 53.19 57.35 NOTE
r-release-macos-arm64 1.0.0 25.00 NOTE
r-release-macos-x86_64 1.0.0 38.00 NOTE
r-release-windows-x86_64 1.0.0 24.00 83.00 107.00 NOTE
r-oldrel-macos-arm64 1.0.0 30.00 NOTE
r-oldrel-macos-x86_64 1.0.0 40.00 NOTE
r-oldrel-windows-ix86+x86_64 1.0.0 11.00 77.00 88.00 NOTE

Check Details

Version: 1.0.0
Check: LazyData
Result: NOTE
     'LazyData' is specified without a 'data' directory
Flavors: r-devel-linux-x86_64-debian-clang, r-devel-linux-x86_64-debian-gcc, r-devel-linux-x86_64-fedora-clang, r-devel-linux-x86_64-fedora-gcc, r-devel-windows-x86_64, r-patched-linux-x86_64, r-release-linux-x86_64, r-release-macos-arm64, r-release-macos-x86_64, r-release-windows-x86_64, r-oldrel-macos-arm64, r-oldrel-macos-x86_64, r-oldrel-windows-ix86+x86_64