CRAN Package Check Results for Package PTXQC

Last updated on 2022-01-16 15:48:37 CET.

Flavor Version Tinstall Tcheck Ttotal Status Flags
r-devel-linux-x86_64-debian-clang 1.0.12 23.75 239.32 263.07 OK
r-devel-linux-x86_64-debian-gcc 1.0.12 20.97 191.30 212.27 OK
r-devel-linux-x86_64-fedora-clang 1.0.12 307.46 NOTE
r-devel-linux-x86_64-fedora-gcc 1.0.12 294.43 OK
r-devel-windows-x86_64-new-UL 1.0.12 168.00 276.00 444.00 NOTE
r-devel-windows-x86_64-new-TK 1.0.12 OK
r-patched-linux-x86_64 1.0.12 21.31 218.72 240.03 OK
r-release-linux-x86_64 1.0.12 OK
r-release-macos-arm64 1.0.12 NOTE
r-release-macos-x86_64 1.0.12 NOTE
r-release-windows-ix86+x86_64 1.0.12 46.00 261.00 307.00 NOTE
r-oldrel-macos-x86_64 1.0.12 NOTE
r-oldrel-windows-ix86+x86_64 1.0.12 45.00 260.00 305.00 NOTE

Check Details

Version: 1.0.12
Check: installed package size
Result: NOTE
     installed size is 8.9Mb
     sub-directories of 1Mb or more:
     R 1.1Mb
     doc 4.0Mb
     examples 2.5Mb
Flavors: r-devel-linux-x86_64-fedora-clang, r-devel-windows-x86_64-new-UL, r-release-macos-arm64, r-release-macos-x86_64, r-release-windows-ix86+x86_64, r-oldrel-macos-x86_64, r-oldrel-windows-ix86+x86_64