Last updated on 2023-01-29 03:55:23 CET.
Flavor | Version | Tinstall | Tcheck | Ttotal | Status | Flags |
---|---|---|---|---|---|---|
r-devel-linux-x86_64-debian-clang | 0.5.1 | 20.35 | 150.66 | 171.01 | OK | |
r-devel-linux-x86_64-debian-gcc | 0.5.1 | 15.86 | 113.39 | 129.25 | OK | |
r-devel-linux-x86_64-fedora-clang | 0.5.1 | 218.88 | NOTE | |||
r-devel-linux-x86_64-fedora-gcc | 0.5.1 | 220.56 | OK | |||
r-devel-windows-x86_64 | 0.5.1 | 35.00 | 168.00 | 203.00 | OK | |
r-patched-linux-x86_64 | 0.5.1 | 18.96 | 150.33 | 169.29 | OK | |
r-release-linux-x86_64 | 0.5.1 | 20.17 | 149.58 | 169.75 | OK | |
r-release-macos-arm64 | 0.5.1 | 60.00 | OK | |||
r-release-macos-x86_64 | 0.5.1 | 82.00 | OK | |||
r-release-windows-x86_64 | 0.5.1 | 36.00 | 187.00 | 223.00 | OK | |
r-oldrel-macos-arm64 | 0.5.1 | 56.00 | OK | |||
r-oldrel-macos-x86_64 | 0.5.1 | 80.00 | OK | |||
r-oldrel-windows-ix86+x86_64 | 0.5.1 | 45.00 | 174.00 | 219.00 | OK |
Version: 0.5.1
Check: package dependencies
Result: NOTE
Imports includes 21 non-default packages.
Importing from so many packages makes the package vulnerable to any of
them becoming unavailable. Move as many as possible to Suggests and
use conditionally.
Flavor: r-devel-linux-x86_64-fedora-clang