CRAN Package Check Results for Package PRISM.forecast

Last updated on 2024-06-15 15:49:14 CEST.

Flavor Version Tinstall Tcheck Ttotal Status Flags
r-devel-linux-x86_64-debian-clang 0.2.1 4.10 35.35 39.45 NOTE
r-devel-linux-x86_64-debian-gcc 0.2.1 2.54 27.03 29.57 NOTE
r-devel-linux-x86_64-fedora-clang 0.2.1 47.07 NOTE
r-devel-linux-x86_64-fedora-gcc 0.2.1 49.26 NOTE
r-devel-windows-x86_64 0.2.1 4.00 47.00 51.00 NOTE
r-patched-linux-x86_64 0.2.1 4.17 34.24 38.41 NOTE
r-release-linux-x86_64 0.2.1 3.49 34.06 37.55 NOTE
r-release-macos-arm64 0.2.1 19.00 NOTE
r-release-macos-x86_64 0.2.1 35.00 NOTE
r-release-windows-x86_64 0.2.1 5.00 49.00 54.00 NOTE
r-oldrel-macos-arm64 0.2.1 23.00 NOTE
r-oldrel-macos-x86_64 0.2.1 29.00 NOTE
r-oldrel-windows-x86_64 0.2.1 6.00 52.00 58.00 NOTE

Check Details

Version: 0.2.1
Check: LazyData
Result: NOTE 'LazyData' is specified without a 'data' directory Flavors: r-devel-linux-x86_64-debian-clang, r-devel-linux-x86_64-debian-gcc, r-devel-linux-x86_64-fedora-clang, r-devel-linux-x86_64-fedora-gcc, r-devel-windows-x86_64, r-patched-linux-x86_64, r-release-linux-x86_64, r-release-macos-arm64, r-release-macos-x86_64, r-release-windows-x86_64, r-oldrel-macos-arm64, r-oldrel-macos-x86_64, r-oldrel-windows-x86_64