CRAN Package Check Results for Package PRISM.forecast

Last updated on 2022-01-26 15:52:59 CET.

Flavor Version Tinstall Tcheck Ttotal Status Flags
r-devel-linux-x86_64-debian-clang 0.2.1 3.44 43.13 46.57 NOTE
r-devel-linux-x86_64-debian-gcc 0.2.1 2.67 33.47 36.14 NOTE
r-devel-linux-x86_64-fedora-clang 0.2.1 55.86 NOTE
r-devel-linux-x86_64-fedora-gcc 0.2.1 45.70 NOTE
r-devel-windows-x86_64-new-UL 0.2.1 1025.00 63.00 1088.00 NOTE
r-devel-windows-x86_64-new-TK 0.2.1 NOTE
r-patched-linux-x86_64 0.2.1 3.04 41.59 44.63 NOTE
r-release-linux-x86_64 0.2.1 3.06 40.76 43.82 NOTE
r-release-macos-arm64 0.2.1 NOTE
r-release-macos-x86_64 0.2.1 NOTE
r-release-windows-ix86+x86_64 0.2.1 7.00 53.00 60.00 NOTE
r-oldrel-macos-x86_64 0.2.1 OK
r-oldrel-windows-ix86+x86_64 0.2.1 8.00 54.00 62.00 OK

Check Details

Version: 0.2.1
Check: LazyData
Result: NOTE
     'LazyData' is specified without a 'data' directory
Flavors: r-devel-linux-x86_64-debian-clang, r-devel-linux-x86_64-debian-gcc, r-devel-linux-x86_64-fedora-clang, r-devel-linux-x86_64-fedora-gcc, r-devel-windows-x86_64-new-UL, r-devel-windows-x86_64-new-TK, r-patched-linux-x86_64, r-release-linux-x86_64, r-release-macos-arm64, r-release-macos-x86_64, r-release-windows-ix86+x86_64