CRAN Package Check Results for Package PDN

Last updated on 2022-01-21 03:56:07 CET.

Flavor Version Tinstall Tcheck Ttotal Status Flags
r-devel-linux-x86_64-debian-clang 0.1.0 OK
r-devel-linux-x86_64-debian-gcc 0.1.0 8.12 117.12 125.24 OK
r-devel-linux-x86_64-fedora-clang 0.1.0 199.35 NOTE
r-devel-linux-x86_64-fedora-gcc 0.1.0 185.53 NOTE
r-devel-windows-x86_64-new-UL 0.1.0 21.00 173.00 194.00 OK
r-devel-windows-x86_64-new-TK 0.1.0 NOTE
r-patched-linux-x86_64 0.1.0 7.51 149.48 156.99 OK
r-release-linux-x86_64 0.1.0 8.53 146.08 154.61 OK
r-release-macos-arm64 0.1.0 NOTE
r-release-macos-x86_64 0.1.0 NOTE
r-release-windows-ix86+x86_64 0.1.0 25.00 173.00 198.00 OK
r-oldrel-macos-x86_64 0.1.0 NOTE
r-oldrel-windows-ix86+x86_64 0.1.0 22.00 172.00 194.00 OK

Check Details

Version: 0.1.0
Check: dependencies in R code
Result: NOTE
    Namespace in Imports field not imported from: ‘glmnet’
     All declared Imports should be used.
Flavors: r-devel-linux-x86_64-fedora-clang, r-devel-linux-x86_64-fedora-gcc, r-devel-windows-x86_64-new-TK, r-release-macos-arm64, r-release-macos-x86_64, r-oldrel-macos-x86_64