CRAN Package Check Results for Package PBD

Last updated on 2023-02-04 16:55:56 CET.

Flavor Version Tinstall Tcheck Ttotal Status Flags
r-devel-linux-x86_64-debian-clang 1.4 5.13 91.58 96.71 OK
r-devel-linux-x86_64-debian-gcc 1.4 3.82 66.19 70.01 OK
r-devel-linux-x86_64-fedora-clang 1.4 114.87 NOTE
r-devel-linux-x86_64-fedora-gcc 1.4 135.21 NOTE
r-devel-windows-x86_64 1.4 16.00 123.00 139.00 OK
r-patched-linux-x86_64 1.4 3.70 88.80 92.50 OK
r-release-linux-x86_64 1.4 4.24 86.96 91.20 OK
r-release-macos-arm64 1.4 35.00 NOTE
r-release-macos-x86_64 1.4 42.00 NOTE
r-release-windows-x86_64 1.4 18.00 127.00 145.00 OK
r-oldrel-macos-arm64 1.4 42.00 NOTE
r-oldrel-macos-x86_64 1.4 52.00 NOTE
r-oldrel-windows-ix86+x86_64 1.4 9.00 122.00 131.00 OK

Check Details

Version: 1.4
Check: dependencies in R code
Result: NOTE
    Namespace in Imports field not imported from: ‘ade4’
     All declared Imports should be used.
Flavors: r-devel-linux-x86_64-fedora-clang, r-devel-linux-x86_64-fedora-gcc, r-release-macos-arm64, r-release-macos-x86_64, r-oldrel-macos-arm64, r-oldrel-macos-x86_64