CRAN Package Check Results for Package PAMpal

Last updated on 2024-07-15 15:54:30 CEST.

Flavor Version Tinstall Tcheck Ttotal Status Flags
r-devel-linux-x86_64-debian-clang 1.0.0 39.85 271.05 310.90 NOTE
r-devel-linux-x86_64-debian-gcc 1.2.1 30.27 205.85 236.12 OK
r-devel-linux-x86_64-fedora-clang 1.2.1 422.74 OK
r-devel-linux-x86_64-fedora-gcc 1.2.1 384.57 OK
r-devel-windows-x86_64 1.2.1 26.00 199.00 225.00 OK
r-patched-linux-x86_64 1.0.0 33.06 255.17 288.23 NOTE
r-release-linux-x86_64 1.2.1 28.69 266.89 295.58 OK
r-release-macos-arm64 1.2.1 228.00 OK
r-release-macos-x86_64 1.0.0 151.00 NOTE
r-release-windows-x86_64 1.0.0 28.00 183.00 211.00 NOTE
r-oldrel-macos-arm64 1.0.0 92.00 OK
r-oldrel-macos-x86_64 1.0.0 245.00 OK
r-oldrel-windows-x86_64 1.2.1 43.00 245.00 288.00 OK

Check Details

Version: 1.0.0
Check: Rd files
Result: NOTE checkRd: (-1) addFPOD.Rd:42: Lost braces 42 | has FPOD detections, these events may not work with a variety of other ]code{PAMpal} | ^ Flavors: r-devel-linux-x86_64-debian-clang, r-patched-linux-x86_64, r-release-macos-x86_64, r-release-windows-x86_64