CRAN Package Check Results for Package OpenRepGrid

Last updated on 2024-07-14 03:55:16 CEST.

Flavor Version Tinstall Tcheck Ttotal Status Flags
r-devel-linux-x86_64-debian-clang 0.1.14 20.25 158.17 178.42 NOTE
r-devel-linux-x86_64-debian-gcc 0.1.14 17.00 112.89 129.89 NOTE
r-devel-linux-x86_64-fedora-clang 0.1.14 227.18 NOTE
r-devel-linux-x86_64-fedora-gcc 0.1.14 220.62 NOTE
r-devel-windows-x86_64 0.1.14 21.00 161.00 182.00 NOTE
r-patched-linux-x86_64 0.1.14 32.32 146.80 179.12 NOTE
r-release-linux-x86_64 0.1.14 14.70 146.03 160.73 NOTE
r-release-macos-arm64 0.1.14 53.00 NOTE
r-release-macos-x86_64 0.1.14 76.00 NOTE
r-release-windows-x86_64 0.1.14 19.00 160.00 179.00 NOTE
r-oldrel-macos-arm64 0.1.14 52.00 OK
r-oldrel-macos-x86_64 0.1.14 109.00 OK
r-oldrel-windows-x86_64 0.1.14 25.00 193.00 218.00 OK

Check Details

Version: 0.1.14
Check: Rd files
Result: NOTE checkRd: (-1) constructD.Rd:18: Lost braces 18 | values for code{"columns"} and \code{"rows"}).} | ^ checkRd: (-1) indexConflict2.Rd:43: Lost braces; missing escapes or markup? 43 | { Z_max x Z_mdn - Z_min <= crit }. | ^ checkRd: (-1) indexConflict2.Rd:46: Lost braces; missing escapes or markup? 46 | { Z_min - Z_max x Z_mdn <= crit }. | ^ checkRd: (-1) indexConflict2.Rd:56: Lost braces; missing escapes or markup? 56 | { a x Z_max x Z_mdn =< crit/a + Z_min}. This shows that a bigger value of \code{a} | ^ checkRd: (-1) perturbate.Rd:18: Lost braces; missing escapes or markup? 18 | range. Usually {-1, 1} are reasonable settings} | ^ checkRd: (-1) settings.Rd:23: Lost braces in \itemize; meant \describe ? checkRd: (-1) settings.Rd:24: Lost braces in \itemize; meant \describe ? checkRd: (-1) settings.Rd:25: Lost braces in \itemize; meant \describe ? checkRd: (-1) settings.Rd:26: Lost braces in \itemize; meant \describe ? checkRd: (-1) settings.Rd:27: Lost braces in \itemize; meant \describe ? checkRd: (-1) settings.Rd:28: Lost braces in \itemize; meant \describe ? Flavors: r-devel-linux-x86_64-debian-clang, r-devel-linux-x86_64-debian-gcc, r-devel-linux-x86_64-fedora-clang, r-devel-linux-x86_64-fedora-gcc, r-devel-windows-x86_64, r-patched-linux-x86_64, r-release-linux-x86_64, r-release-macos-arm64, r-release-macos-x86_64, r-release-windows-x86_64

Version: 0.1.14
Check: Rd \usage sections
Result: NOTE Documented arguments not in \usage in Rd file 'bertinBase.Rd': ‘x’ ‘ratings’ ‘trim’ Documented arguments not in \usage in Rd file 'biplot3dBase2.Rd': ‘ext.sphere’ Documented arguments not in \usage in Rd file 'convertImportObjectToRepGridObject.Rd': ‘x’ Documented arguments not in \usage in Rd file 'convertScivescoImportObjectToRepGridObject.Rd': ‘x’ Documented arguments not in \usage in Rd file 'mapCoordinatesToColor.Rd': ‘color’ Documented arguments not in \usage in Rd file 'quasiDistributionDistanceSlater.Rd': ‘rep’ Functions with \usage entries need to have the appropriate \alias entries, and all their arguments documented. The \usage entries must correspond to syntactically valid R code. See chapter ‘Writing R documentation files’ in the ‘Writing R Extensions’ manual. Flavors: r-devel-linux-x86_64-debian-clang, r-devel-linux-x86_64-debian-gcc, r-devel-linux-x86_64-fedora-clang, r-devel-linux-x86_64-fedora-gcc, r-devel-windows-x86_64, r-patched-linux-x86_64, r-release-linux-x86_64, r-release-macos-arm64, r-release-macos-x86_64, r-release-windows-x86_64

Version: 0.1.14
Check: Rd cross-references
Result: NOTE Found the following Rd file(s) with Rd \link{} targets missing package anchors: clusterBoot.Rd: pvclust stats.Rd: describe Please provide package anchors for all Rd \link{} targets not in the package itself and the base packages. Flavor: r-devel-windows-x86_64