CRAN Package Check Results for Package OncoBayes2

Last updated on 2021-10-26 15:51:19 CEST.

Flavor Version Tinstall Tcheck Ttotal Status Flags
r-devel-linux-x86_64-debian-clang 0.8-2 168.61 248.96 417.57 NOTE
r-devel-linux-x86_64-debian-gcc 0.8-2 131.95 189.36 321.31 NOTE
r-devel-linux-x86_64-fedora-clang 0.8-2 566.06 NOTE
r-devel-linux-x86_64-fedora-gcc 0.8-2 542.64 NOTE
r-devel-windows-x86_64 0.8-2 189.00 325.00 514.00 NOTE
r-devel-windows-x86_64-gcc10-UCRT 0.8-2 NOTE
r-patched-linux-x86_64 0.8-2 148.05 241.79 389.84 NOTE
r-patched-solaris-x86 0.8-2 525.10 NOTE
r-release-linux-x86_64 0.8-2 149.90 236.78 386.68 NOTE
r-release-macos-arm64 0.8-2 NOTE
r-release-macos-x86_64 0.8-2 NOTE
r-release-windows-ix86+x86_64 0.8-2 252.00 523.00 775.00 NOTE
r-oldrel-macos-x86_64 0.8-2 NOTE
r-oldrel-windows-ix86+x86_64 0.8-2 361.00 508.00 869.00 NOTE

Check Details

Version: 0.8-2
Check: for GNU extensions in Makefiles
Result: NOTE
    GNU make is a SystemRequirements.
Flavors: r-devel-linux-x86_64-debian-clang, r-devel-linux-x86_64-debian-gcc, r-devel-linux-x86_64-fedora-clang, r-devel-linux-x86_64-fedora-gcc, r-devel-windows-x86_64, r-devel-windows-x86_64-gcc10-UCRT, r-patched-linux-x86_64, r-patched-solaris-x86, r-release-linux-x86_64, r-release-macos-arm64, r-release-macos-x86_64, r-release-windows-ix86+x86_64, r-oldrel-macos-x86_64, r-oldrel-windows-ix86+x86_64

Version: 0.8-2
Check: installed package size
Result: NOTE
     installed size is 35.3Mb
     sub-directories of 1Mb or more:
     libs 34.1Mb
Flavors: r-devel-linux-x86_64-fedora-clang, r-release-macos-arm64, r-release-macos-x86_64, r-release-windows-ix86+x86_64, r-oldrel-macos-x86_64, r-oldrel-windows-ix86+x86_64

Version: 0.8-2
Check: line endings in C/C++/Fortran sources/headers
Result: NOTE
    Found the following sources/headers with CR or CRLF line endings:
     src/RcppExports.cpp
     src/stanExports_blrm_exnex.h
    Some Unix compilers require LF line endings.
Flavor: r-devel-windows-x86_64-gcc10-UCRT