CRAN Package Check Results for Package ORION

Last updated on 2024-07-24 15:51:44 CEST.

Flavor Version Tinstall Tcheck Ttotal Status Flags
r-devel-linux-x86_64-debian-clang 1.0.3 8.20 122.70 130.90 OK
r-devel-linux-x86_64-debian-gcc 1.0.3 7.46 89.04 96.50 NOTE
r-devel-linux-x86_64-fedora-clang 1.0.3 159.48 OK
r-devel-linux-x86_64-fedora-gcc 1.0.3 164.13 OK
r-devel-windows-x86_64 1.0.3 11.00 106.00 117.00 NOTE
r-patched-linux-x86_64 1.0.3 14.43 114.73 129.16 OK
r-release-linux-x86_64 1.0.3 9.34 116.66 126.00 OK
r-release-macos-arm64 1.0.3 47.00 OK
r-release-macos-x86_64 1.0.3 78.00 OK
r-release-windows-x86_64 1.0.3 11.00 108.00 119.00 OK
r-oldrel-macos-arm64 1.0.3 53.00 OK
r-oldrel-macos-x86_64 1.0.3 82.00 OK
r-oldrel-windows-x86_64 1.0.3 15.00 128.00 143.00 OK

Check Details

Version: 1.0.3
Check: Rd cross-references
Result: NOTE Found the following Rd file(s) with Rd \link{} targets missing package anchors: predictionMap.Rd: generateCVRuns, tuneParetoClassifier tunePareto.occ.Rd: tunePareto.knn, tuneParetoClassifier, trainTuneParetoClassifier Please provide package anchors for all Rd \link{} targets not in the package itself and the base packages. Flavors: r-devel-linux-x86_64-debian-gcc, r-devel-windows-x86_64