CRAN Package Check Results for Package NSM3

Last updated on 2021-09-23 03:51:05 CEST.

Flavor Version Tinstall Tcheck Ttotal Status Flags
r-devel-linux-x86_64-debian-clang 1.16 26.55 327.79 354.34 OK
r-devel-linux-x86_64-debian-gcc 1.16 21.69 230.24 251.93 OK
r-devel-linux-x86_64-fedora-clang 1.16 415.49 OK
r-devel-linux-x86_64-fedora-gcc 1.16 405.23 OK
r-devel-windows-x86_64 1.16 32.00 297.00 329.00 OK
r-devel-windows-x86_64-gcc10-UCRT 1.16 ERROR
r-patched-linux-x86_64 1.16 24.28 305.27 329.55 OK
r-patched-solaris-x86 1.16 548.70 OK
r-release-linux-x86_64 1.16 27.62 301.99 329.61 OK
r-release-macos-arm64 1.16 OK
r-release-macos-x86_64 1.16 OK
r-release-windows-ix86+x86_64 1.16 61.00 594.00 655.00 OK
r-oldrel-macos-x86_64 1.16 OK
r-oldrel-windows-ix86+x86_64 1.16 44.00 456.00 500.00 OK

Check Details

Version: 1.16
Check: package dependencies
Result: ERROR
    Package required but not available: 'Hmisc'
    
    See section 'The DESCRIPTION file' in the 'Writing R Extensions'
    manual.
Flavor: r-devel-windows-x86_64-gcc10-UCRT