Last updated on 2023-11-30 15:48:23 CET.
Flavor | Version | Tinstall | Tcheck | Ttotal | Status | Flags |
---|---|---|---|---|---|---|
r-devel-linux-x86_64-debian-clang | 0.4.0 | 11.09 | 120.45 | 131.54 | NOTE | |
r-devel-linux-x86_64-debian-gcc | 0.4.0 | 10.80 | 89.05 | 99.85 | NOTE | |
r-devel-linux-x86_64-fedora-clang | 0.4.0 | 161.28 | OK | |||
r-devel-linux-x86_64-fedora-gcc | 0.4.0 | 156.58 | OK | |||
r-devel-windows-x86_64 | 0.4.0 | 11.00 | 104.00 | 115.00 | OK | |
r-patched-linux-x86_64 | 0.4.0 | 10.11 | 116.82 | 126.93 | OK | |
r-release-linux-x86_64 | 0.4.0 | 14.34 | 114.21 | 128.55 | OK | |
r-release-macos-arm64 | 0.4.0 | 49.00 | OK | |||
r-release-macos-x86_64 | 0.4.0 | 85.00 | OK | |||
r-release-windows-x86_64 | 0.4.0 | 15.00 | 128.00 | 143.00 | OK | |
r-oldrel-macos-arm64 | 0.4.0 | 81.00 | OK | |||
r-oldrel-macos-x86_64 | 0.4.0 | 136.00 | OK | |||
r-oldrel-windows-x86_64 | 0.4.0 | 15.00 | 126.00 | 141.00 | OK |
Version: 0.4.0
Check: Rd files
Result: NOTE
checkRd: (-1) NSAE.Rd:14: Lost braces; missing escapes or markup?
14 | {Maintainer}: Saurav Guha \email{saurav.iasri@gmail.com}
| ^
Flavors: r-devel-linux-x86_64-debian-clang, r-devel-linux-x86_64-debian-gcc