CRAN Package Check Results for Package NRejections

Last updated on 2024-07-20 15:48:50 CEST.

Flavor Version Tinstall Tcheck Ttotal Status Flags
r-devel-linux-x86_64-debian-clang 1.2.0 2.28 32.77 35.05 NOTE
r-devel-linux-x86_64-debian-gcc 1.2.0 2.50 24.58 27.08 NOTE
r-devel-linux-x86_64-fedora-clang 1.2.0 44.05 NOTE
r-devel-linux-x86_64-fedora-gcc 1.2.0 41.40 NOTE
r-devel-windows-x86_64 1.2.0 4.00 49.00 53.00 NOTE
r-patched-linux-x86_64 1.2.0 3.17 29.95 33.12 NOTE
r-release-linux-x86_64 1.2.0 3.05 30.94 33.99 NOTE
r-release-macos-arm64 1.2.0 19.00 NOTE
r-release-macos-x86_64 1.2.0 25.00 NOTE
r-release-windows-x86_64 1.2.0 4.00 47.00 51.00 NOTE
r-oldrel-macos-arm64 1.2.0 18.00 NOTE
r-oldrel-macos-x86_64 1.2.0 24.00 NOTE
r-oldrel-windows-x86_64 1.2.0 4.00 50.00 54.00 NOTE

Check Details

Version: 1.2.0
Check: LazyData
Result: NOTE 'LazyData' is specified without a 'data' directory Flavors: r-devel-linux-x86_64-debian-clang, r-devel-linux-x86_64-debian-gcc, r-devel-linux-x86_64-fedora-clang, r-devel-linux-x86_64-fedora-gcc, r-devel-windows-x86_64, r-patched-linux-x86_64, r-release-linux-x86_64, r-release-macos-arm64, r-release-macos-x86_64, r-release-windows-x86_64, r-oldrel-macos-arm64, r-oldrel-macos-x86_64, r-oldrel-windows-x86_64