CRAN Package Check Results for Package NPCirc

Last updated on 2024-07-22 15:57:28 CEST.

Flavor Version Tinstall Tcheck Ttotal Status Flags
r-devel-linux-x86_64-debian-clang 3.1.1 104.28 157.95 262.23 NOTE
r-devel-linux-x86_64-debian-gcc 3.1.1 53.46 111.94 165.40 NOTE
r-devel-linux-x86_64-fedora-clang 3.1.1 327.61 NOTE
r-devel-linux-x86_64-fedora-gcc 3.1.1 312.59 NOTE
r-devel-windows-x86_64 3.1.1 63.00 131.00 194.00 NOTE
r-patched-linux-x86_64 3.1.1 92.51 147.37 239.88 NOTE
r-release-linux-x86_64 3.1.1 69.24 150.97 220.21 NOTE
r-release-macos-arm64 3.1.1 108.00 NOTE
r-release-macos-x86_64 3.1.1 130.00 NOTE
r-release-windows-x86_64 3.1.1 71.00 128.00 199.00 NOTE
r-oldrel-macos-arm64 3.1.1 81.00 NOTE
r-oldrel-macos-x86_64 3.1.1 130.00 NOTE
r-oldrel-windows-x86_64 3.1.1 87.00 158.00 245.00 NOTE

Check Details

Version: 3.1.1
Check: C++ specification
Result: NOTE Specified C++11: please drop specification unless essential Flavors: r-devel-linux-x86_64-debian-clang, r-devel-linux-x86_64-debian-gcc, r-devel-linux-x86_64-fedora-clang, r-devel-linux-x86_64-fedora-gcc, r-devel-windows-x86_64, r-patched-linux-x86_64, r-release-linux-x86_64, r-release-macos-arm64, r-release-macos-x86_64, r-release-windows-x86_64, r-oldrel-macos-arm64, r-oldrel-macos-x86_64, r-oldrel-windows-x86_64

Version: 3.1.1
Check: Rd files
Result: NOTE checkRd: (-1) plot.regression.circular.Rd:35: Lost braces 35 | code{plot.type="circle"} and \code{x} is the output of \code{\link{kern.reg.circ.lin}}) or to \code{\link{lines3d}} (if \code{plot.type="circle"}) | ^ Flavors: r-devel-linux-x86_64-debian-clang, r-devel-linux-x86_64-debian-gcc, r-devel-linux-x86_64-fedora-clang, r-devel-linux-x86_64-fedora-gcc, r-devel-windows-x86_64, r-patched-linux-x86_64, r-release-linux-x86_64, r-release-macos-arm64, r-release-macos-x86_64, r-release-windows-x86_64

Version: 3.1.1
Check: Rd cross-references
Result: NOTE Found the following Rd file(s) with Rd \link{} targets missing package anchors: ancova.circ.lin.Rd: circular bw.AA.Rd: circular, density.circular bw.CV.Rd: circular bw.boot.Rd: circular bw.circ.local.lik.Rd: circular bw.pi.Rd: circular bw.reg.circ.lin.Rd: circular bw.rt.Rd: circular circ.local.lik.Rd: circular circsizer.density.Rd: circular circsizer.regression.Rd: circular dcircmix.Rd: circular dpreg.circ.Rd: circular dwsn.Rd: circular kern.den.circ.Rd: circular, density.circular, plot.density.circular, lines.density.circular kern.dpreg.circ.Rd: circular kern.reg.circ.lin.Rd: circular lines.regression.circular.Rd: radial.plot, lines3d modalreg.circ.lin.Rd: circular noeffect.circ.lin.Rd: circular plot.regression.circular.Rd: radial.plot, lines3d Please provide package anchors for all Rd \link{} targets not in the package itself and the base packages. Flavors: r-devel-linux-x86_64-debian-gcc, r-devel-windows-x86_64