CRAN Package Check Results for Package NPBayesImputeCat

Last updated on 2024-07-21 03:55:30 CEST.

Flavor Version Tinstall Tcheck Ttotal Status Flags
r-devel-linux-x86_64-debian-clang 0.5 42.76 70.84 113.60 NOTE
r-devel-linux-x86_64-debian-gcc 0.5 28.00 52.69 80.69 NOTE
r-devel-linux-x86_64-fedora-clang 0.5 178.43 NOTE
r-devel-linux-x86_64-fedora-gcc 0.5 164.12 NOTE
r-devel-windows-x86_64 0.5 43.00 89.00 132.00 NOTE
r-patched-linux-x86_64 0.5 50.45 67.15 117.60 NOTE
r-release-linux-x86_64 0.5 35.26 65.40 100.66 NOTE
r-release-macos-arm64 0.5 46.00 NOTE
r-release-macos-x86_64 0.5 58.00 NOTE
r-release-windows-x86_64 0.5 47.00 92.00 139.00 NOTE
r-oldrel-macos-arm64 0.5 50.00 OK
r-oldrel-macos-x86_64 0.5 81.00 OK
r-oldrel-windows-x86_64 0.5 56.00 106.00 162.00 OK

Check Details

Version: 0.5
Check: Rd files
Result: NOTE checkRd: (-1) Lcm.Rd:75: Lost braces 75 | \item{\code{GetTrace()}:}{retrieve all traced iterations. Returns a list with all the parameters set using the method SetTrace(). See description of snapshot{reference} method for a description of the parameters. } | ^ Flavors: r-devel-linux-x86_64-debian-clang, r-devel-linux-x86_64-debian-gcc, r-devel-linux-x86_64-fedora-clang, r-devel-linux-x86_64-fedora-gcc, r-devel-windows-x86_64, r-patched-linux-x86_64, r-release-linux-x86_64, r-release-macos-arm64, r-release-macos-x86_64, r-release-windows-x86_64

Version: 0.5
Check: Rd cross-references
Result: NOTE Found the following Rd file(s) with Rd \link{} targets missing package anchors: Lcm.Rd: C++Object-class Please provide package anchors for all Rd \link{} targets not in the package itself and the base packages. Flavor: r-devel-windows-x86_64