Last updated on 2022-07-06 03:52:20 CEST.
Flavor | Version | Tinstall | Tcheck | Ttotal | Status | Flags |
---|---|---|---|---|---|---|
r-devel-linux-x86_64-debian-clang | 3.11 | 244.86 | 99.70 | 344.56 | WARN | |
r-devel-linux-x86_64-debian-gcc | 3.11 | 187.55 | 76.06 | 263.61 | OK | |
r-devel-linux-x86_64-fedora-clang | 3.11 | 535.34 | WARN | |||
r-devel-linux-x86_64-fedora-gcc | 3.11 | 437.76 | OK | |||
r-devel-windows-x86_64 | 3.11 | 172.00 | 135.00 | 307.00 | OK | |
r-patched-linux-x86_64 | 3.11 | 199.54 | 97.34 | 296.88 | OK | |
r-release-linux-x86_64 | 3.11 | 201.90 | 98.00 | 299.90 | OK | |
r-release-macos-arm64 | 3.11 | 128.00 | OK | |||
r-release-macos-x86_64 | 3.11 | 141.00 | OK | |||
r-release-windows-x86_64 | 3.11 | 184.00 | 147.00 | 331.00 | OK | |
r-oldrel-macos-arm64 | 3.11 | 110.00 | OK | |||
r-oldrel-macos-x86_64 | 3.11 | 181.00 | OK | |||
r-oldrel-windows-ix86+x86_64 | 3.11 | 571.00 | 169.00 | 740.00 | OK |
Version: 3.11
Check: whether package can be installed
Result: WARN
Found the following significant warnings:
rcpp_rmultinom.cpp:40:15: warning: use of bitwise '&' with boolean operands [-Wbitwise-instead-of-logical]
Flavors: r-devel-linux-x86_64-debian-clang, r-devel-linux-x86_64-fedora-clang