CRAN Package Check Results for Package NCutYX

Last updated on 2024-06-18 15:49:28 CEST.

Flavor Version Tinstall Tcheck Ttotal Status Flags
r-devel-linux-x86_64-debian-clang 0.1.0 40.78 77.66 118.44 OK
r-devel-linux-x86_64-debian-gcc 0.1.0 26.52 59.87 86.39 OK
r-devel-linux-x86_64-fedora-clang 0.1.0 151.40 NOTE
r-devel-linux-x86_64-fedora-gcc 0.1.0 162.32 NOTE
r-devel-windows-x86_64 0.1.0 30.00 97.00 127.00 OK
r-patched-linux-x86_64 0.1.0 34.23 74.94 109.17 OK
r-release-linux-x86_64 0.1.0 32.46 77.75 110.21 OK
r-release-macos-arm64 0.1.0 46.00 NOTE
r-release-macos-x86_64 0.1.0 68.00 NOTE
r-release-windows-x86_64 0.1.0 30.00 99.00 129.00 OK
r-oldrel-macos-arm64 0.1.0 54.00 NOTE
r-oldrel-macos-x86_64 0.1.0 77.00 NOTE
r-oldrel-windows-x86_64 0.1.0 36.00 116.00 152.00 OK

Check Details

Version: 0.1.0
Check: dependencies in R code
Result: NOTE Namespaces in Imports field not imported from: ‘MASS’ ‘fields’ ‘mvtnorm’ All declared Imports should be used. Flavors: r-devel-linux-x86_64-fedora-clang, r-devel-linux-x86_64-fedora-gcc

Version: 0.1.0
Check: installed package size
Result: NOTE installed size is 6.8Mb sub-directories of 1Mb or more: data 1.5Mb libs 4.4Mb Flavors: r-release-macos-arm64, r-release-macos-x86_64, r-oldrel-macos-arm64, r-oldrel-macos-x86_64