CRAN Package Check Results for Package NCSCopula

Last updated on 2022-01-22 03:56:50 CET.

Flavor Version Tinstall Tcheck Ttotal Status Flags
r-devel-linux-x86_64-debian-clang 1.0.1 8.42 82.73 91.15 NOTE
r-devel-linux-x86_64-debian-gcc 1.0.1 7.48 63.43 70.91 NOTE
r-devel-linux-x86_64-fedora-clang 1.0.1 111.53 NOTE
r-devel-linux-x86_64-fedora-gcc 1.0.1 106.12 NOTE
r-devel-windows-x86_64-new-UL 1.0.1 26.00 98.00 124.00 NOTE
r-devel-windows-x86_64-new-TK 1.0.1 NOTE
r-patched-linux-x86_64 1.0.1 7.17 79.58 86.75 NOTE
r-release-linux-x86_64 1.0.1 9.00 79.85 88.85 NOTE
r-release-macos-arm64 1.0.1 NOTE
r-release-macos-x86_64 1.0.1 NOTE
r-release-windows-ix86+x86_64 1.0.1 18.00 95.00 113.00 NOTE
r-oldrel-macos-x86_64 1.0.1 OK
r-oldrel-windows-ix86+x86_64 1.0.1 20.00 95.00 115.00 OK

Check Details

Version: 1.0.1
Check: LazyData
Result: NOTE
     'LazyData' is specified without a 'data' directory
Flavors: r-devel-linux-x86_64-debian-clang, r-devel-linux-x86_64-debian-gcc, r-devel-linux-x86_64-fedora-clang, r-devel-linux-x86_64-fedora-gcc, r-devel-windows-x86_64-new-UL, r-devel-windows-x86_64-new-TK, r-patched-linux-x86_64, r-release-linux-x86_64, r-release-macos-arm64, r-release-macos-x86_64, r-release-windows-ix86+x86_64