CRAN Package Check Results for Package NBLDA

Last updated on 2021-10-22 15:53:13 CEST.

Flavor Version Tinstall Tcheck Ttotal Status Flags
r-devel-linux-x86_64-debian-clang 1.0.0 7.12 63.70 70.82 NOTE
r-devel-linux-x86_64-debian-gcc 1.0.0 5.89 47.51 53.40 NOTE
r-devel-linux-x86_64-fedora-clang 1.0.0 94.97 NOTE
r-devel-linux-x86_64-fedora-gcc 1.0.0 81.71 NOTE
r-devel-windows-x86_64 1.0.0 16.00 81.00 97.00 OK
r-devel-windows-x86_64-gcc10-UCRT 1.0.0 NOTE
r-patched-linux-x86_64 1.0.0 7.00 59.57 66.57 NOTE
r-patched-solaris-x86 1.0.0 116.50 NOTE
r-release-linux-x86_64 1.0.0 6.72 59.61 66.33 NOTE
r-release-macos-arm64 1.0.0 NOTE
r-release-macos-x86_64 1.0.0 NOTE
r-release-windows-ix86+x86_64 1.0.0 17.00 76.00 93.00 OK
r-oldrel-macos-x86_64 1.0.0 NOTE
r-oldrel-windows-ix86+x86_64 1.0.0 21.00 78.00 99.00 OK

Check Details

Version: 1.0.0
Check: Rd cross-references
Result: NOTE
    Package unavailable to check Rd xrefs: 'sSeq'
Flavors: r-devel-linux-x86_64-debian-clang, r-devel-linux-x86_64-debian-gcc, r-devel-linux-x86_64-fedora-gcc, r-devel-windows-x86_64-gcc10-UCRT, r-patched-linux-x86_64, r-patched-solaris-x86, r-release-linux-x86_64, r-release-macos-arm64, r-release-macos-x86_64, r-oldrel-macos-x86_64

Version: 1.0.0
Check: Rd cross-references
Result: NOTE
    Undeclared packages ‘sSeq’, ‘PoiClaClu’ in Rd xrefs
    Package unavailable to check Rd xrefs: ‘sSeq’
Flavor: r-devel-linux-x86_64-fedora-clang