CRAN Package Check Results for Package MultiPhen

Last updated on 2022-01-23 15:49:14 CET.

Flavor Version Tinstall Tcheck Ttotal Status Flags
r-devel-linux-x86_64-debian-clang 2.0.3 16.98 141.00 157.98 OK
r-devel-linux-x86_64-debian-gcc 2.0.3 15.49 119.88 135.37 OK
r-devel-linux-x86_64-fedora-clang 2.0.3 193.17 OK
r-devel-linux-x86_64-fedora-gcc 2.0.3 189.31 OK
r-devel-windows-x86_64-new-UL 2.0.3 115.00 162.00 277.00 OK
r-devel-windows-x86_64-new-TK 2.0.3 ERROR
r-patched-linux-x86_64 2.0.3 11.45 132.25 143.70 OK
r-release-linux-x86_64 2.0.3 12.13 134.87 147.00 OK
r-release-macos-arm64 2.0.3 OK
r-release-macos-x86_64 2.0.3 OK
r-release-windows-ix86+x86_64 2.0.3 36.00 159.00 195.00 OK
r-oldrel-macos-x86_64 2.0.3 OK
r-oldrel-windows-ix86+x86_64 2.0.3 36.00 157.00 193.00 OK

Check Details

Version: 2.0.3
Check: package dependencies
Result: ERROR
    Package required but not available: 'meta'
    
    See section 'The DESCRIPTION file' in the 'Writing R Extensions'
    manual.
Flavor: r-devel-windows-x86_64-new-TK