CRAN Package Check Results for Package MultIS

Last updated on 2024-07-13 15:49:06 CEST.

Flavor Version Tinstall Tcheck Ttotal Status Flags
r-devel-linux-x86_64-debian-clang 0.6.2 5.93 89.12 95.05 OK
r-devel-linux-x86_64-debian-gcc 0.6.2 4.98 66.13 71.11 OK
r-devel-linux-x86_64-fedora-clang 0.6.2 120.37 NOTE
r-devel-linux-x86_64-fedora-gcc 0.6.2 125.74 NOTE
r-devel-windows-x86_64 0.6.2 8.00 104.00 112.00 OK
r-patched-linux-x86_64 0.6.2 6.09 84.03 90.12 OK
r-release-linux-x86_64 0.6.2 6.96 84.74 91.70 OK
r-release-macos-arm64 0.6.2 40.00 OK
r-release-macos-x86_64 0.6.2 63.00 OK
r-release-windows-x86_64 0.6.2 7.00 92.00 99.00 OK
r-oldrel-macos-arm64 0.6.2 41.00 OK
r-oldrel-macos-x86_64 0.6.2 58.00 OK
r-oldrel-windows-x86_64 0.6.2 9.00 109.00 118.00 OK

Check Details

Version: 0.6.2
Check: dependencies in R code
Result: NOTE Namespaces in Imports field not imported from: ‘poweRlaw’ ‘rmutil’ All declared Imports should be used. Flavors: r-devel-linux-x86_64-fedora-clang, r-devel-linux-x86_64-fedora-gcc