CRAN Package Check Results for Package MortalityLaws

Last updated on 2024-07-14 03:55:15 CEST.

Flavor Version Tinstall Tcheck Ttotal Status Flags
r-devel-linux-x86_64-debian-clang 2.1.0 11.12 133.46 144.58 OK
r-devel-linux-x86_64-debian-gcc 2.1.0 5.99 97.55 103.54 OK
r-devel-linux-x86_64-fedora-clang 2.1.0 176.48 OK
r-devel-linux-x86_64-fedora-gcc 2.1.0 179.93 OK
r-devel-windows-x86_64 2.1.0 10.00 199.00 209.00 NOTE
r-patched-linux-x86_64 2.1.0 15.29 125.68 140.97 OK
r-release-linux-x86_64 2.1.0 6.74 126.84 133.58 OK
r-release-macos-arm64 2.1.0 97.00 OK
r-release-macos-x86_64 2.1.0 132.00 OK
r-release-windows-x86_64 2.1.0 11.00 191.00 202.00 OK
r-oldrel-macos-arm64 2.1.0 72.00 OK
r-oldrel-macos-x86_64 2.1.0 125.00 OK
r-oldrel-windows-x86_64 2.1.0 12.00 213.00 225.00 OK

Check Details

Version: 2.1.0
Check: Rd cross-references
Result: NOTE Found the following Rd file(s) with Rd \link{} targets missing package anchors: MortalityLaw.Rd: nls.lm Please provide package anchors for all Rd \link{} targets not in the package itself and the base packages. Flavor: r-devel-windows-x86_64