Last updated on 2023-02-05 15:55:21 CET.
Flavor | Version | Tinstall | Tcheck | Ttotal | Status | Flags |
---|---|---|---|---|---|---|
r-devel-linux-x86_64-debian-clang | 2.0.0 | 5.53 | 34.99 | 40.52 | OK | |
r-devel-linux-x86_64-debian-gcc | 2.0.0 | 5.41 | 27.13 | 32.54 | OK | |
r-devel-linux-x86_64-fedora-clang | 2.0.0 | 52.12 | NOTE | |||
r-devel-linux-x86_64-fedora-gcc | 2.0.0 | 50.78 | NOTE | |||
r-devel-windows-x86_64 | 2.0.0 | 31.00 | 69.00 | 100.00 | OK | |
r-patched-linux-x86_64 | 2.0.0 | 5.42 | 34.57 | 39.99 | OK | |
r-release-linux-x86_64 | 2.0.0 | 4.47 | 35.03 | 39.50 | OK | |
r-release-macos-arm64 | 2.0.0 | 22.00 | NOTE | |||
r-release-macos-x86_64 | 2.0.0 | 37.00 | NOTE | |||
r-release-windows-x86_64 | 2.0.0 | 14.00 | 72.00 | 86.00 | OK | |
r-oldrel-macos-arm64 | 2.0.0 | 31.00 | NOTE | |||
r-oldrel-macos-x86_64 | 2.0.0 | 46.00 | NOTE | |||
r-oldrel-windows-ix86+x86_64 | 2.0.0 | 19.00 | 71.00 | 90.00 | OK |
Version: 2.0.0
Check: dependencies in R code
Result: NOTE
Namespace in Imports field not imported from: ‘testthat’
All declared Imports should be used.
Flavors: r-devel-linux-x86_64-fedora-clang, r-devel-linux-x86_64-fedora-gcc, r-release-macos-arm64, r-release-macos-x86_64, r-oldrel-macos-arm64, r-oldrel-macos-x86_64