CRAN Package Check Results for Package MixTwice

Last updated on 2022-05-19 15:53:23 CEST.

Flavor Version Tinstall Tcheck Ttotal Status Flags
r-devel-linux-x86_64-debian-clang 2.0 2.15 36.89 39.04 OK
r-devel-linux-x86_64-debian-gcc 2.0 1.90 28.27 30.17 OK
r-devel-linux-x86_64-fedora-clang 2.0 48.01 NOTE
r-devel-linux-x86_64-fedora-gcc 2.0 48.18 NOTE
r-devel-windows-x86_64 2.0 7.00 54.00 61.00 OK
r-patched-linux-x86_64 2.0 1.66 36.42 38.08 OK
r-release-linux-x86_64 2.0 2.38 36.07 38.45 OK
r-release-macos-arm64 2.0 19.00 NOTE
r-release-macos-x86_64 2.0 25.00 NOTE
r-release-windows-x86_64 2.0 11.00 54.00 65.00 OK
r-oldrel-macos-arm64 2.0 19.00 NOTE
r-oldrel-macos-x86_64 2.0 23.00 NOTE
r-oldrel-windows-ix86+x86_64 2.0 8.00 54.00 62.00 OK

Check Details

Version: 2.0
Check: dependencies in R code
Result: NOTE
    Namespaces in Imports field not imported from:
     ‘ashr’ ‘fdrtool’
     All declared Imports should be used.
Flavors: r-devel-linux-x86_64-fedora-clang, r-devel-linux-x86_64-fedora-gcc, r-release-macos-arm64, r-release-macos-x86_64, r-oldrel-macos-arm64, r-oldrel-macos-x86_64