CRAN Package Check Results for Package MixMatrix

Last updated on 2024-07-16 03:54:25 CEST.

Flavor Version Tinstall Tcheck Ttotal Status Flags
r-devel-linux-x86_64-debian-clang 0.2.6 69.90 84.27 154.17 NOTE
r-devel-linux-x86_64-debian-gcc 0.2.6 46.13 59.69 105.82 NOTE
r-devel-linux-x86_64-fedora-clang 0.2.6 209.14 NOTE
r-devel-linux-x86_64-fedora-gcc 0.2.6 231.69 NOTE
r-devel-windows-x86_64 0.2.6 53.00 103.00 156.00 NOTE
r-patched-linux-x86_64 0.2.6 56.25 79.83 136.08 NOTE
r-release-linux-x86_64 0.2.6 64.97 78.30 143.27 NOTE
r-release-macos-arm64 0.2.6 55.00 NOTE
r-release-macos-x86_64 0.2.6 85.00 NOTE
r-release-windows-x86_64 0.2.6 55.00 110.00 165.00 NOTE
r-oldrel-macos-arm64 0.2.6 67.00 NOTE
r-oldrel-macos-x86_64 0.2.6 98.00 NOTE
r-oldrel-windows-x86_64 0.2.6 64.00 124.00 188.00 NOTE

Check Details

Version: 0.2.6
Check: C++ specification
Result: NOTE Specified C++11: please drop specification unless essential Flavors: r-devel-linux-x86_64-debian-clang, r-devel-linux-x86_64-debian-gcc, r-devel-linux-x86_64-fedora-clang, r-devel-linux-x86_64-fedora-gcc, r-devel-windows-x86_64, r-patched-linux-x86_64, r-release-linux-x86_64, r-release-macos-arm64, r-release-macos-x86_64, r-release-windows-x86_64, r-oldrel-macos-arm64, r-oldrel-macos-x86_64, r-oldrel-windows-x86_64