CRAN Package Check Results for Package MinEDfind

Last updated on 2021-10-22 15:53:12 CEST.

Flavor Version Tinstall Tcheck Ttotal Status Flags
r-devel-linux-x86_64-debian-clang 0.1.3 4.66 51.83 56.49 NOTE
r-devel-linux-x86_64-debian-gcc 0.1.3 3.72 38.80 42.52 NOTE
r-devel-linux-x86_64-fedora-clang 0.1.3 79.33 NOTE
r-devel-linux-x86_64-fedora-gcc 0.1.3 66.34 NOTE
r-devel-windows-x86_64 0.1.3 10.00 75.00 85.00 NOTE
r-devel-windows-x86_64-gcc10-UCRT 0.1.3 NOTE
r-patched-linux-x86_64 0.1.3 5.08 48.84 53.92 NOTE
r-patched-solaris-x86 0.1.3 96.70 NOTE
r-release-linux-x86_64 0.1.3 4.99 48.28 53.27 NOTE
r-release-macos-arm64 0.1.3 NOTE
r-release-macos-x86_64 0.1.3 NOTE
r-release-windows-ix86+x86_64 0.1.3 11.00 79.00 90.00 NOTE
r-oldrel-macos-x86_64 0.1.3 OK
r-oldrel-windows-ix86+x86_64 0.1.3 14.00 91.00 105.00 OK

Check Details

Version: 0.1.3
Check: LazyData
Result: NOTE
     'LazyData' is specified without a 'data' directory
Flavors: r-devel-linux-x86_64-debian-clang, r-devel-linux-x86_64-debian-gcc, r-devel-linux-x86_64-fedora-clang, r-devel-linux-x86_64-fedora-gcc, r-devel-windows-x86_64, r-devel-windows-x86_64-gcc10-UCRT, r-patched-linux-x86_64, r-patched-solaris-x86, r-release-linux-x86_64, r-release-macos-arm64, r-release-macos-x86_64, r-release-windows-ix86+x86_64