Last updated on 2022-06-28 15:53:21 CEST.
Flavor | Version | Tinstall | Tcheck | Ttotal | Status | Flags |
---|---|---|---|---|---|---|
r-devel-linux-x86_64-debian-clang | 2.3.4 | 23.24 | 44.06 | 67.30 | OK | |
r-devel-linux-x86_64-debian-gcc | 2.3.4 | 13.97 | 33.81 | 47.78 | OK | |
r-devel-linux-x86_64-fedora-clang | 2.3.4 | 88.35 | NOTE | |||
r-devel-linux-x86_64-fedora-gcc | 2.3.4 | 87.15 | NOTE | |||
r-devel-windows-x86_64 | 2.3.4 | 49.00 | 83.00 | 132.00 | OK | |
r-patched-linux-x86_64 | 2.3.4 | 20.78 | 42.17 | 62.95 | OK | |
r-release-linux-x86_64 | 2.3.4 | 14.84 | 42.78 | 57.62 | OK | |
r-release-macos-arm64 | 2.3.4 | 29.00 | NOTE | |||
r-release-macos-x86_64 | 2.3.4 | 50.00 | NOTE | |||
r-release-windows-x86_64 | 2.3.4 | 61.00 | 81.00 | 142.00 | OK | |
r-oldrel-macos-arm64 | 2.3.4 | 30.00 | NOTE | |||
r-oldrel-macos-x86_64 | 2.3.4 | 42.00 | NOTE | |||
r-oldrel-windows-ix86+x86_64 | 2.3.4 | 29.00 | 70.00 | 99.00 | OK |
Version: 2.3.4
Check: dependencies in R code
Result: NOTE
Namespaces in Imports field not imported from:
‘R6’ ‘curl’ ‘jsonlite’ ‘vctrs’
All declared Imports should be used.
Flavors: r-devel-linux-x86_64-fedora-clang, r-devel-linux-x86_64-fedora-gcc, r-release-macos-arm64, r-release-macos-x86_64, r-oldrel-macos-arm64, r-oldrel-macos-x86_64