CRAN Package Check Results for Package MethComp

Last updated on 2024-07-21 15:53:38 CEST.

Flavor Version Tinstall Tcheck Ttotal Status Flags
r-devel-linux-x86_64-debian-clang 1.30.0 7.45 96.42 103.87 NOTE
r-devel-linux-x86_64-debian-gcc 1.30.0 5.77 74.33 80.10 NOTE
r-devel-linux-x86_64-fedora-clang 1.30.0 132.98 NOTE
r-devel-linux-x86_64-fedora-gcc 1.30.0 136.27 NOTE
r-devel-windows-x86_64 1.30.0 8.00 111.00 119.00 NOTE
r-patched-linux-x86_64 1.30.0 8.21 91.74 99.95 NOTE
r-release-linux-x86_64 1.30.0 8.91 92.53 101.44 NOTE
r-release-macos-arm64 1.30.0 44.00 NOTE
r-release-macos-x86_64 1.30.0 64.00 NOTE
r-release-windows-x86_64 1.30.0 7.00 104.00 111.00 NOTE
r-oldrel-macos-arm64 1.30.0 47.00 NOTE
r-oldrel-macos-x86_64 1.30.0 65.00 NOTE
r-oldrel-windows-x86_64 1.30.0 9.00 117.00 126.00 NOTE

Check Details

Version: 1.30.0
Check: Rd files
Result: NOTE checkRd: (-1) cardiac.Rd:15: Escaped LaTeX specials: \& checkRd: (-1) plvol.Rd:14: Escaped LaTeX specials: \& checkRd: (-1) sbp.Rd:16: Escaped LaTeX specials: \& Flavors: r-devel-linux-x86_64-debian-clang, r-devel-linux-x86_64-debian-gcc, r-devel-linux-x86_64-fedora-clang, r-devel-linux-x86_64-fedora-gcc, r-devel-windows-x86_64, r-patched-linux-x86_64, r-release-linux-x86_64, r-release-macos-arm64, r-release-macos-x86_64, r-release-windows-x86_64, r-oldrel-macos-arm64, r-oldrel-macos-x86_64, r-oldrel-windows-x86_64

Version: 1.30.0
Check: HTML version of manual
Result: NOTE Found the following HTML validation problems: BA.est.html:149:32 (BA.est.Rd:121): Warning: trimming empty <code> Flavors: r-devel-linux-x86_64-debian-clang, r-devel-linux-x86_64-debian-gcc, r-devel-linux-x86_64-fedora-clang, r-devel-linux-x86_64-fedora-gcc, r-devel-windows-x86_64, r-patched-linux-x86_64, r-release-linux-x86_64, r-release-windows-x86_64

Version: 1.30.0
Check: Rd cross-references
Result: NOTE Found the following Rd file(s) with Rd \link{} targets missing package anchors: pairs.Rd: Lattice, xyplot, densityplot trace.MCmcmc.Rd: Lattice Please provide package anchors for all Rd \link{} targets not in the package itself and the base packages. Flavors: r-devel-linux-x86_64-debian-gcc, r-devel-windows-x86_64

Version: 1.30.0
Check: Rd cross-references
Result: NOTE Undeclared package ‘R2WinBUGS’ in Rd xrefs Flavor: r-devel-linux-x86_64-fedora-clang