Last updated on 2023-03-26 03:50:16 CEST.
Flavor | Version | Tinstall | Tcheck | Ttotal | Status | Flags |
---|---|---|---|---|---|---|
r-devel-linux-x86_64-debian-clang | 2.1.2 | 16.20 | 120.28 | 136.48 | OK | |
r-devel-linux-x86_64-debian-gcc | 2.1.2 | 12.77 | 89.24 | 102.01 | OK | |
r-devel-linux-x86_64-fedora-gcc | 2.1.2 | 161.12 | NOTE | |||
r-devel-windows-x86_64 | 2.1.2 | 42.00 | 145.00 | 187.00 | OK | |
r-patched-linux-x86_64 | 2.1.2 | 15.09 | 112.93 | 128.02 | OK | |
r-release-linux-x86_64 | 2.1.2 | 14.50 | 114.04 | 128.54 | OK | |
r-release-macos-arm64 | 2.1.2 | 40.00 | NOTE | |||
r-release-macos-x86_64 | 2.1.2 | 83.00 | NOTE | |||
r-release-windows-x86_64 | 2.1.2 | 37.00 | 139.00 | 176.00 | OK | |
r-oldrel-macos-arm64 | 2.1.2 | 41.00 | NOTE | |||
r-oldrel-macos-x86_64 | 2.1.2 | 61.00 | NOTE | |||
r-oldrel-windows-ix86+x86_64 | 2.1.2 | 31.00 | 164.00 | 195.00 | OK |
Version: 2.1.2
Check: dependencies in R code
Result: NOTE
Namespace in Imports field not imported from: ‘metadat’
All declared Imports should be used.
Flavors: r-devel-linux-x86_64-fedora-gcc, r-release-macos-arm64, r-release-macos-x86_64, r-oldrel-macos-arm64, r-oldrel-macos-x86_64