CRAN Package Check Results for Package MetaUtility

Last updated on 2021-12-08 03:58:25 CET.

Flavor Version Tinstall Tcheck Ttotal Status Flags
r-devel-linux-x86_64-debian-clang 2.1.2 14.22 112.69 126.91 OK
r-devel-linux-x86_64-debian-gcc 2.1.2 10.57 84.62 95.19 OK
r-devel-linux-x86_64-fedora-clang 2.1.2 153.99 NOTE
r-devel-linux-x86_64-fedora-gcc 2.1.2 139.15 NOTE
r-devel-windows-x86_64-new-UL 2.1.2 24.00 134.00 158.00 OK
r-devel-windows-x86_64-new-TK 2.1.2 NOTE
r-devel-windows-x86_64-old 2.1.2 22.00 126.00 148.00 OK
r-patched-linux-x86_64 2.1.2 13.70 106.06 119.76 OK
r-release-linux-x86_64 2.1.2 13.30 109.88 123.18 OK
r-release-macos-arm64 2.1.2 NOTE
r-release-macos-x86_64 2.1.2 NOTE
r-release-windows-ix86+x86_64 2.1.2 18.00 129.00 147.00 OK
r-oldrel-macos-x86_64 2.1.2 NOTE
r-oldrel-windows-ix86+x86_64 2.1.2 29.00 142.00 171.00 OK

Check Details

Version: 2.1.2
Check: dependencies in R code
Result: NOTE
    Namespace in Imports field not imported from: ‘metadat’
     All declared Imports should be used.
Flavors: r-devel-linux-x86_64-fedora-clang, r-devel-linux-x86_64-fedora-gcc, r-devel-windows-x86_64-new-TK, r-release-macos-arm64, r-release-macos-x86_64, r-oldrel-macos-x86_64