CRAN Package Check Results for Package MetaIntegrator

Last updated on 2024-06-13 03:49:25 CEST.

Flavor Version Tinstall Tcheck Ttotal Status Flags
r-devel-linux-x86_64-debian-clang 2.1.3 15.94 176.63 192.57 OK
r-devel-linux-x86_64-debian-gcc 2.1.3 0.82 1.76 2.58 ERROR
r-devel-linux-x86_64-fedora-clang 2.1.3 258.41 NOTE
r-devel-linux-x86_64-fedora-gcc 2.1.3 253.74 NOTE
r-devel-windows-x86_64 2.1.3 16.00 153.00 169.00 OK
r-patched-linux-x86_64 2.1.3 14.54 164.51 179.05 OK
r-release-linux-x86_64 2.1.3 17.23 168.76 185.99 OK
r-release-macos-arm64 2.1.3 70.00 OK
r-release-macos-x86_64 2.1.3 110.00 OK
r-release-windows-x86_64 2.1.3 15.00 149.00 164.00 OK
r-oldrel-macos-arm64 2.1.3 68.00 OK
r-oldrel-macos-x86_64 2.1.3 116.00 OK
r-oldrel-windows-x86_64 2.1.3 21.00 177.00 198.00 OK

Additional issues

noSuggests

Check Details

Version: 2.1.3
Check: package dependencies
Result: ERROR Packages required but not available: 'ggplot2', 'stringr', 'GEOquery', 'GEOmetadb', 'RSQLite', 'ggpubr', 'manhattanly', 'dplyr', 'reshape2', 'AnnotationDbi', 'readr', 'plotly' Packages suggested but not available for checking: 'snplist', 'magick' See section ‘The DESCRIPTION file’ in the ‘Writing R Extensions’ manual. Flavor: r-devel-linux-x86_64-debian-gcc

Version: 2.1.3
Check: package dependencies
Result: NOTE Imports includes 35 non-default packages. Importing from so many packages makes the package vulnerable to any of them becoming unavailable. Move as many as possible to Suggests and use conditionally. Flavor: r-devel-linux-x86_64-fedora-clang

Version: 2.1.3
Check: dependencies in R code
Result: NOTE Namespaces in Imports field not imported from: ‘BiocManager’ ‘DT’ ‘GEOmetadb’ ‘RMySQL’ ‘RSQLite’ ‘gplots’ ‘pheatmap’ ‘readr’ All declared Imports should be used. Flavors: r-devel-linux-x86_64-fedora-clang, r-devel-linux-x86_64-fedora-gcc