Last updated on 2023-01-30 15:56:13 CET.
Flavor | Version | Tinstall | Tcheck | Ttotal | Status | Flags |
---|---|---|---|---|---|---|
r-devel-linux-x86_64-debian-clang | 1.0.9 | 70.17 | 506.01 | 576.18 | OK | |
r-devel-linux-x86_64-debian-gcc | 1.0.9 | 58.12 | 384.82 | 442.94 | OK | |
r-devel-linux-x86_64-fedora-clang | 1.0.9 | 711.40 | OK | |||
r-devel-linux-x86_64-fedora-gcc | 1.0.9 | 730.59 | OK | |||
r-devel-windows-x86_64 | 1.0.9 | 147.00 | 608.00 | 755.00 | OK | |
r-patched-linux-x86_64 | 1.0.9 | 62.00 | 488.29 | 550.29 | OK | |
r-release-linux-x86_64 | 1.0.9 | 57.89 | 483.51 | 541.40 | OK | |
r-release-macos-arm64 | 1.0.9 | 139.00 | NOTE | |||
r-release-macos-x86_64 | 1.0.9 | 320.00 | OK | |||
r-release-windows-x86_64 | 1.0.9 | 89.00 | 586.00 | 675.00 | OK | |
r-oldrel-macos-arm64 | 1.0.9 | 168.00 | OK | |||
r-oldrel-macos-x86_64 | 1.0.9 | 248.00 | OK | |||
r-oldrel-windows-ix86+x86_64 | 1.0.9 | 127.00 | 749.00 | 876.00 | OK |
Version: 1.0.9
Check: package dependencies
Result: NOTE
Package suggested but not available for checking: ‘TxDb.Hsapiens.UCSC.hg19.knownGene’
Flavor: r-release-macos-arm64