Last updated on 2023-03-23 15:54:54 CET.
Flavor | Version | Tinstall | Tcheck | Ttotal | Status | Flags |
---|---|---|---|---|---|---|
r-devel-linux-x86_64-debian-clang | 0.2.10 | 8.11 | 110.60 | 118.71 | OK | |
r-devel-linux-x86_64-debian-gcc | 0.2.10 | 6.89 | 83.61 | 90.50 | OK | |
r-devel-linux-x86_64-fedora-clang | 0.2.10 | 147.62 | NOTE | |||
r-devel-linux-x86_64-fedora-gcc | 0.2.10 | 163.39 | NOTE | |||
r-devel-windows-x86_64 | 0.2.10 | 141.00 | 171.00 | 312.00 | OK | |
r-patched-linux-x86_64 | 0.2.10 | 9.31 | 106.43 | 115.74 | OK | |
r-release-linux-x86_64 | 0.2.10 | 7.95 | 106.00 | 113.95 | OK | |
r-release-macos-arm64 | 0.2.10 | 40.00 | OK | |||
r-release-macos-x86_64 | 0.2.10 | 63.00 | OK | |||
r-release-windows-x86_64 | 0.2.10 | 156.00 | 161.00 | 317.00 | OK | |
r-oldrel-macos-arm64 | 0.2.10 | 42.00 | OK | |||
r-oldrel-macos-x86_64 | 0.2.10 | 66.00 | OK | |||
r-oldrel-windows-ix86+x86_64 | 0.2.10 | 21.00 | 157.00 | 178.00 | OK |
Version: 0.2.10
Check: data for non-ASCII characters
Result: NOTE
Note: found 1 marked UTF-8 string
Flavors: r-devel-linux-x86_64-fedora-clang, r-devel-linux-x86_64-fedora-gcc